
--
-- Table structure for table `user_epf`
--

CREATE TABLE `user_epf` (
  `username` varchar(50) NOT NULL,
  `epf_no` varchar(30) DEFAULT NULL,
  `epf_ic` varchar(30) DEFAULT NULL,
  `tables` varchar(30) DEFAULT NULL,
  `category` varchar(30) DEFAULT NULL,
  `epf_yee_formula` text,
  `epf_yer_formula` text,
  PRIMARY KEY (`username`)
) ENGINE=InnoDB DEFAULT CHARSET=latin1;

--
-- Dumping data for table `user_epf`
--

INSERT INTO `user_epf` VALUES ('000101011842','','','','','',''),('000114050218','','','','','',''),('000114141558','','','','','',''),('000125101252','','','1','1','',''),('000205011804','22811936','','','','',''),('000208101354','','','','','',''),('000209010948','','','','','',''),('000220101576 ','22110662','','','','',''),('000221020612','','','','','',''),('000224100722','','','','','',''),('000312021071  ','23619876','','','','',''),('000321011414','22924849','','','','',''),('000331130652','','','','','',''),('000405012094','','','','','',''),('000407010578','','','','','',''),('000413011120','','','','','',''),('000421060782','','','','','',''),('000427080274','','','','','',''),('000428120696','','','','','',''),('000501-05-0162','23586126','','','','',''),('000512050416','','','','','',''),('000523030162','','','','','',''),('000607011540','','','','','',''),('000611050526','','','','','',''),('000615010986','','','','','',''),('000616930012','','','','','',''),('000702040390','','','1','1','',''),('000705141074','','','','','',''),('000812101190','','','','','',''),('000829011204','','','','','',''),('000903140240','','','','','',''),('001001-01-1372','23028576','','','','',''),('001010060467','','','','','',''),('001016102058','','','','','',''),('001110081062','22079498','','','','',''),('001113080225','24711510','','','','',''),('001123040286','','','1','1','',''),('001129141379','','','','','',''),('010103101402','','','','','',''),('010202100894','','','','','',''),('010208130744','','','','','',''),('010208141558','','','','','',''),('010301010720','23382938','','','','',''),('010306100143','','','','','',''),('010327101970','','','','','',''),('010410-14-0794','','','','','',''),('010412101158','','','','','',''),('010420131090','','','','','',''),('010427-07-0411','','','','','',''),('010429101074','','','','','',''),('010501110080','','','','','',''),('010502011308','22612912','','','','',''),('010503140603','','','','','',''),('010512140744','','','','','',''),('010524011608','','','','','',''),('010604010920','','','','','',''),('010617010874','22916641','','','','',''),('010622140200','','','','','',''),('010628011864','','','','','',''),('010628080448','','','','','',''),('010629050136','','','','','',''),('010711100278','','','','','',''),('010713010786','25089511','','','','',''),('010718130066','','','','','',''),('010721010292','23735764','','','','',''),('010807010330','','','','','',''),('010809080746','','','','','',''),('010811020654','','','','','',''),('010829010964  ','','','','','',''),('010831050236','','','','','',''),('010901010046','','','','','',''),('010917010462','','','','','',''),('010927050388','','','','','',''),('011011050454','','','','','',''),('011020010606','','','','','',''),('011025101558','','','','','',''),('011104030188','','','','','',''),('011109010370','','','','','',''),('011110081328','','','','','',''),('011124080924','','','','','',''),('011211040381','','','1','1','',''),('011226100068','','','','','',''),('014-307 7215','','','','','',''),('020110101178','','','','','',''),('020114101976','','','','','',''),('020228040286','','','','','',''),('020321010903','','','1','1','',''),('020406100350','','','','','',''),('020429050368','','','','','',''),('020512100282','','','','','',''),('020523101686','','','','','',''),('020524141508','','','','','',''),('020616140684','','','','','',''),('020623081352','','','','','',''),('020707-01-0092','24362835','','','','',''),('020712040296','','','1','1','',''),('020713011286','','','','','',''),('020729100216','','','','','',''),('020730040118','','','','','',''),('020820011783','23191447','','','','',''),('020830050292','','','','','',''),('020910100042','','','','','',''),('020914040200','','','','','',''),('021007070582','','','','','',''),('021009101012','','','','','',''),('021101011976','','','','','',''),('021106141198','','','','','',''),('021107010050','','','','','',''),('021107011176','','','','','',''),('021117141070','','','','','',''),('021221140190','','','','','',''),('030108101522','','','','','',''),('030111100272','','','','','',''),('030120140014','','','','','',''),('030127011282','','','1','1','',''),('030128050443','23131711','','1','1','',''),('030216100391','','','1','1','',''),('030314080304','','','1','1','',''),('030328040258','','','1','1','',''),('030428010144','','','','','',''),('030711040488','','','','','',''),('030727101580','','','','','',''),('030814030864','','','','','',''),('030821011290','','','','','',''),('030911010048','','','','','',''),('030916101862','','','','','',''),('030926010550','','','','','',''),('031015011936','','','','','',''),('031024060908','','','','','',''),('031105140424','','','','','',''),('031105141240','','','1','1','',''),('031107100434','','','','','',''),('031121030022','24670897','','','','',''),('031204010924','','','','','',''),('031209090070','','','','','',''),('031216070676','','','','','',''),('040101050362','','','','','',''),('040105101534','','','','','',''),('040114141036','','','','','',''),('040128140384','','','','','',''),('040219010868','','','1','1','',''),('040225140570','','','','','',''),('040312011064','','','1','1','',''),('040401-03-0558','','','','','',''),('040506050096','24754568','','','','',''),('040508101344','','','','','',''),('040511050082','','','','','',''),('040529010986','','','','','',''),('040608141044','','','','','',''),('040910011742','','','1','1','',''),('040920121400','','','','','',''),('041125050484','','','','','',''),('041212101112','','','','','',''),('050221101442','','','','','',''),('050406101078','','','','','',''),('050429010646','','','','','',''),('050510050370','','','','','',''),('050526010576','','','','','',''),('050528080906','','','','','',''),('050609050370','','','','','',''),('050903141070','','','','','',''),('050906011634','','','','','',''),('051017140748','','','','','',''),('051107101056','','','','','',''),('051116100274','','','1','1','',''),('060116011524','','','1','1','',''),('060306140298','','','1','1','',''),('060312070126','','','1','1','',''),('060421010739','','','','','',''),('060716010226','','','','','',''),('060929010078','','','1','1','',''),('070628100546','','','','','',''),('3000','','','','','',''),('491227105448 ','02301448','','','','',''),('610806106137','','','','','',''),('630131015234','','','','','',''),('640928107055','','','','','',''),('681230105331','','','1','1','',''),('690812015760','','','','','',''),('700328105250','11566098','N','1','1','',''),('710326106216','','','1','1','',''),('711114085796','','','','','',''),('720116145179','11816093','','','','',''),('720323135459','','','','','',''),('740518125355','','','','','',''),('740904105512','12523190','N','','','',''),('741010-10-5702','','','','','',''),('750731145880','12890321','','','','',''),('760106026068','','','','','',''),('760429085396','','','','','',''),('760429115022','','','1','1','',''),('760518145848','12755493','','1','1','',''),('761028086106','13161837','','','','',''),('761107145397','14196370','N','1','1','',''),('770505045564','','','','','',''),('770620136090','71416732','','','','',''),('771024045496','','','','','',''),('771102136132','','','','','',''),('771126146132','14761676','N','','','',''),('771210135743','','','','','',''),('780127016350','14160351','','','','',''),('780716045344','13841117','','','','',''),('780803095008','','','','','',''),('780914045222','','','','','',''),('780929145146','','','','','',''),('781112015632','14420830','','','','',''),('781219045196','','','','','',''),('790109055224','','','','','',''),('790322145798','','','','','',''),('791130015678','','','','','',''),('800427025270','16675819','','','','',''),('810401126160','','','','','',''),('810707015455','','','','','',''),('810810016536','','','','','',''),('811124105242','15325508','','','','',''),('811231055308','','','','','',''),('820201045197','17529103','','','','',''),('820424085874','15289076','','','','',''),('821003015856','','','','','',''),('821022016643','','','','','',''),('830404135263','','','','','',''),('830426-14-5083','','','1','1','',''),('830426145083','15538190','','','','',''),('830520016448','','','','','',''),('830604135495','','','','','',''),('830609015118','','','','','',''),('830906085104','','','','','',''),('831022075220','','','1','1','',''),('831122105650','','','','','',''),('831229035592','','','','','',''),('840112015162','','','','','',''),('840316016335','17237626','N','','','',''),('840507145340','','','','','',''),('840604045384','15867326','N','','','',''),('840827055256','15511153','','','','',''),('840908105729','','','','','',''),('841210135453','','','','','',''),('850304045410','16329380','','','','',''),('850519145566','','','','','',''),('851128146216','','','','','',''),('851129135148','','','1','1','',''),('860129155004','','','','','',''),('860224385262','16976924','','','','',''),('860430295866','','','','','',''),('860519386828','','','','','',''),('860702495424','61549746','','','','',''),('860715235146','','','','','',''),('860808355358','','','','','',''),('861012355218','','','','','',''),('861025565724','','','','','',''),('861101435332','17003415','','','','',''),('861113236816','18621250','','','','',''),('861117355177','','','1','1','',''),('861120295849','','','','','',''),('861222335012','','','','','',''),('870202115578','','','','','',''),('870505565138','','','','','',''),('870612526775','','','','','',''),('870714145025','','','','','',''),('870929105127','','','','','',''),('871018035185','','','1','1','',''),('871103045038','','','','','',''),('880108125170','61714147','','1','1','',''),('880129-12-5866','','','','','',''),('880303235412','','','','','',''),('880405035518','','','1','1','',''),('880519235040','18017973','','','','',''),('880807235344','','','','','',''),('880902565106','','','','','',''),('880913065844','','','','','',''),('881008055114','','','','','',''),('881008435360','19612488','N','','','',''),('881210435444','','','','','',''),('890308105456 ','17666399','','','','',''),('890409126184','19033310','','','','',''),('890421016244','17125581','N','','','',''),('890525435056','','','','','',''),('890604016052','18988918','','','','',''),('890608015356','','','','','',''),('890617035842','20167697','','','','',''),('891028015434','18019182','','','','',''),('891103115778','','','','','',''),('891201016028','','','','','',''),('891219146496','18105831','','','','',''),('900106146117','','','','','',''),('900113146166','','','','','',''),('900120136695','','','','','',''),('900213145160','','','','','',''),('900510105392 ','','','','','',''),('900603145908','18104362','','1','1','',''),('900617105448','','','1','1','',''),('900813016370','','','','','',''),('900904015808','18228697','','','','',''),('901126126273','','','','','',''),('901205016320','17962555','N','','','',''),('901217016176','','','','','',''),('910103045432','18846010','N','','','',''),('910103146735','19813979','','1','1','',''),('910129085045','20798233','','','','',''),('910308015085','','','','','',''),('910319105748','','','','','',''),('910416016966','18832315','N','','','',''),('910420016360','','','','','',''),('910429015612','','','','','',''),('910508145562','','','','','',''),('910712146394','','','','','',''),('910919016167','18373821','','','','',''),('910924035338','','','','','',''),('911010105648','','','','','',''),('911015145083','','','','','',''),('911103016900','','','','','',''),('911113-01-5514','19711849','','','','',''),('911220015640','18572049','N','','','',''),('911223016032','19061444','N','','','',''),('920101105584','19298695','N','','','',''),('920207075539','','','','','',''),('920303-01-5376','','','','','',''),('920303015376','','','1','1','',''),('920520016842','20355645','','','','',''),('920610015712','18340962','N','','','',''),('920707045096','','','','','',''),('920718115168','','','','','',''),('920807025156','21368497','','','','',''),('920823105148','21075084','','','','',''),('920824086102','','','','','',''),('920922146332','19894894','','2','1','',''),('921020135102','19481587','','','','',''),('921103075686','','','1','1','',''),('921206036196','19089568','','','','',''),('930109145416','19331330','','','','',''),('930110085406','','','','','',''),('930121015606','','','','','',''),('930301145248','19142547','','','','',''),('930304045410','','','1','1','',''),('930330016162','','','','','',''),('930426015308','','','','','',''),('930510065391','22839469','','','','',''),('930527065590','20579385','N','','','',''),('930609065498','20940870','','','','',''),('930621015450','','','','','',''),('930722146716','','','','','',''),('930809115146','','','','','',''),('930916135329','','','','','',''),('931029105005','22994589','N','','','',''),('931115085813','20375095','','','','',''),('931125055204','','','','','',''),('931209146170','','','','','',''),('940112016470','','','','','',''),('940227115428','','','','','',''),('940303016158','','','','','',''),('940324145004','20398064','','','','',''),('940326085586','','','','','',''),('940511016232','','','','','',''),('940525016313','21948811','','','','',''),('940624015316 ','19643902','','','','',''),('940720025282','','','','','',''),('940721015094','20495352','','','','',''),('940721055424','22997936','N','','','',''),('940805105978 ','','','','','',''),('940812015620','','','','','',''),('940829085078','22138755','','','','',''),('940906146322 ','','','','','',''),('940907145399','','','','','',''),('940910016256 ','20475080','','','','',''),('940912015994','','','','','',''),('940913016278','20669958','','','','',''),('940918016541','','','','','',''),('941001055324','19613830','','','','',''),('941002015500','','','1','1','',''),('941011145075','21935612','N','','','',''),('941112045356','','','','','',''),('941119016339','','','','','',''),('941121045059','','','','','',''),('941210035434','20762879','','','','',''),('950110146924','','','','','',''),('950125015396','19532224','','','','',''),('950219015880','','','','','',''),('950219015928','20639326','','','','',''),('950310145000','','','','','',''),('950310145002','','','','','',''),('950321065796','','','','','',''),('950327016186','','','','','',''),('950415015116','21663234','','','','',''),('950430135159','','','','','',''),('950507016300  ','19531643','','','','',''),('950516055491','','','','','',''),('950519016674','','','','','',''),('950524106754','22195621','','1','1','',''),('950722105824','','','','','',''),('950805016894','','','1','1','',''),('950813015242','','','','','',''),('950818055286','','','','','',''),('950821105862','','','','','',''),('950930106776','20662370','N','','','',''),('951007145119','','','','','',''),('951027065335','','','','','',''),('951119065324','','','','','',''),('951120135051','','','','','',''),('951127106472','21340804','','','','',''),('951215025234','','','','','',''),('960101015964','21582259','N','','','',''),('960117145798','','','','','',''),('960206045748','','','','','',''),('960209016512','23047420','','','','',''),('960215015524','','','','','',''),('960225126332','','','','','',''),('960228065184','20452387','','','','',''),('960311016818','','','','','',''),('960316435296','','','','','',''),('960425125414','','','1','1','',''),('960430146658','','','','','',''),('960510105856','','','','','',''),('960531145814','','','','','',''),('960607086129','','','','','',''),('960608015322','','','','','',''),('960609015869','20510484','','','','',''),('960609086288','','','','','',''),('960609115472','','','','','',''),('960630055304','','','','','',''),('960723015870','','','','','',''),('960809136008','','','','','',''),('960813105538','','','','','',''),('960821-14-5484','','','','','',''),('960823085016','','','','','',''),('960824075450','','','1','1','',''),('960831085964','','','','','',''),('960902135296','','','','','',''),('960912016530','22325080','','','','',''),('960920106624','','','','','',''),('960927235146','21387882','','','','',''),('961003015228','','','','','',''),('961024075668','','','','','',''),('961031015663','20446388','','','','',''),('961127016396','','','1','1','',''),('961207016150','','','','','',''),('961219105126 ','21180306','','','','',''),('970128126188   ','','','','','',''),('970202025976','22457810','','','','',''),('970212065728','','','','','',''),('970216015138','23252769','','','','',''),('970217385042','','','','','',''),('970302015724','','','1','1','',''),('970310105738','','','','','',''),('970319565044','','','','','',''),('970328016768','','','','','',''),('970328115446','','','','','',''),('970401055270','','','','','',''),('970414055034','','','','','',''),('970419126364','','','','','',''),('970503016600 ','','','','','',''),('970503016993','20063225','','1','1','',''),('970513017156','','','','','',''),('970516086042','','','','','',''),('970527135778','','','','','',''),('970602016454','','','','','',''),('970629145467','20362050','','','','',''),('970704015946','','','','','',''),('970708-01-6372','20820887','','','','',''),('970719055086','21311809','','','','',''),('970726015146','','','','','',''),('970804-12-6432','','','','','',''),('970806145944','','','','','',''),('970809016902','','','','','',''),('970813015750','20400559','','1','1','',''),('970814017328','','','','','',''),('970818145730','','','','','',''),('970820145676','','','','','',''),('970825015950','','','','','',''),('970829016838','','','','','',''),('970905305034','21865357','','1','1','',''),('970916015745','20858395','','','','',''),('970921105542','','','','','',''),('970927045202','','','1','1','',''),('970927105332  ','','','','','',''),('971010035744','','','','','',''),('971012105988','','','1','1','',''),('971027-14-6328','','','','','',''),('971027146328','','','','','',''),('971101016880','','','','','',''),('971103055058','20791083','N','1','1','',''),('971104016720','','','','','',''),('971105106680 ','','','','','',''),('971106045410','','','','','',''),('971108145554','','','','','',''),('971110105666','','','','','',''),('971111385612','','','','','',''),('971117075586','','','','','',''),('971218-43-5050','','','','','',''),('971227036633  ','21982107','','','','',''),('971231055466','23204687','','','','',''),('980101015460','20947102','','','','',''),('980105045050','','','','','',''),('980109145534','','','','','',''),('980110016430','22067643','','','','',''),('980110565210','','','','','',''),('980113015636','','','','','',''),('980124016124','','','','','',''),('980203125513','23672385','','','','',''),('980213016206','','','','','',''),('980214066256','22806151','','','','',''),('980222145106','','','','','',''),('980224055892','','','','','',''),('980323015212','','','','','',''),('980412065828','','','','','',''),('980426065626','','','','','',''),('980518016549  ','','','','','',''),('980521105438','','','','','',''),('980612015665','','','','','',''),('980614016880','','','','','',''),('980630145519','','','','','',''),('980703087162','','','','','',''),('980724085043','','','','','',''),('980811105110','','','1','1','',''),('980902075340','','','','','',''),('980905145316','','','','','',''),('980910105220','','','','','',''),('980922106319','','','','','',''),('981008016172 ','21573594','','','','',''),('981012087184','','','','','',''),('981024435430','','','','','',''),('981026016176','','','','','',''),('981030045324','','','','','',''),('981030145528','','','','','',''),('981102145472','','','','','',''),('981112105458','','','','','',''),('981113017468','','','','','',''),('981130125946 ','','','','','',''),('981212065035','','','','','',''),('981220106976','','','','','',''),('990109106884','','','','','',''),('990114107814','','','1','1','',''),('990121085828','','','','','',''),('990128016542','','','','','',''),('990206045374','','','','','',''),('990211105423','','','','','',''),('990222086934','','','','','',''),('990228-01-5846','','','','','',''),('990316145827','','','','','',''),('990401017264','21154530','','','','',''),('990430146188','','','','','',''),('990528135743','','','','','',''),('990530087947','22349743','','','','',''),('990601146431','','','','','',''),('990602088632','','','','','',''),('990605135764','','','','','',''),('990610105658','','','','','',''),('990625016228','','','','','',''),('990716036304','','','1','1','',''),('990805116322','','','','','',''),('990809105014','','','','','',''),('990926016176','','','','','',''),('990927145412','','','','','',''),('991007145588','','','','','',''),('991008016526','','','','','',''),('991201025600','','','','','',''),('991208146552','','','','','',''),('991230106186','','','','','',''),('AJ841173 ','','','','','',''),('EC3212965','56623934','N','','','',''),('N1924524','','','','','',''),('Nadia','','','','','',''),('NOONEUSE','','','','','',''),('S6904524C','','','','','',''),('S7736886H','','','','','',''),('S7774305G','','','','','',''),('S8616522H','','','','','',''),('SINNEE','','','1','1','',''),('YEWMUN','','','','','',''),('ZHENJIAN','','','','','','');

--
-- Table structure for table `user_government`
--

CREATE TABLE `user_government` (
  `username` varchar(50) NOT NULL,
  `bank_code` varchar(50) DEFAULT NULL,
  `branch_code` varchar(50) DEFAULT NULL,
  `bank_ac_no` varchar(50) DEFAULT NULL,
  `category` varchar(30) DEFAULT NULL,
  `payment_mode` varchar(30) DEFAULT NULL,
  PRIMARY KEY (`username`)
) ENGINE=InnoDB DEFAULT CHARSET=latin1;

--
-- Dumping data for table `user_government`
--

INSERT INTO `user_government` VALUES ('000101011842','','','','1',''),('000114050218','','','','1',''),('000114141558','','','','1',''),('000125101252','','','','1',''),('000205011804','','','','1',''),('000208101354','','','','1',''),('000209010948','','','','1',''),('000220101576 ','','','','1',''),('000221020612','','','','1',''),('000224100722','','','','1',''),('000312021071  ','','','','1',''),('000321011414','BSN','','0120029000325422','1',''),('000331130652','','','','1',''),('000405012094','','','','1',''),('000407010578','','','','1',''),('000413011120','','','','1',''),('000421060782','','','','1',''),('000427080274','','','','1',''),('000428120696','','','','1',''),('000501-05-0162','','','','1',''),('000512050416','','','','1',''),('000523030162','','','','1',''),('000607011540','','','','1',''),('000611050526','','','','1',''),('000615010986','','','','1',''),('000616930012','UOB','','146-307-928-0','1',''),('000702040390','','','','1',''),('000705141074','','','','1',''),('000812101190','','','','1',''),('000829011204','','','','1',''),('000903140240','','','','1',''),('001001-01-1372','','','','1',''),('001010060467','','','','1',''),('001016102058','','','','1',''),('001110081062','MAYBANK','MAYBANK','151333161797','1',''),('001113080225','','','','1',''),('001123040286','','','','1',''),('001129141379','','','','1',''),('010103101402','','','','1',''),('010202100894','','','','1',''),('010208130744','','','','1',''),('010208141558','','','','1',''),('010301010720','','','','1',''),('010306100143','','','','1',''),('010327101970','','','','1',''),('010410-14-0794','','','','1',''),('010412101158','','','','1',''),('010420131090','','','','1',''),('010427-07-0411','','','','1',''),('010429101074','','','','1',''),('010501110080','','','','1',''),('010502011308','','','','1',''),('010503140603','','','','1',''),('010512140744','','','','1',''),('010524011608','','','','1',''),('010604010920','','','','1',''),('010617010874','RHB','RHB','15113300097041','1',''),('010622140200','','','','1',''),('010628011864','','','','1',''),('010628080448','','','','1',''),('010629050136','','','','1',''),('010711100278','','','','1',''),('010713010786','','','','1',''),('010718130066','','','','1',''),('010721010292','','','','1',''),('010807010330','','','','1',''),('010809080746','','','','1',''),('010811020654','','','','1',''),('010829010964  ','','','','1',''),('010831050236','','','','1',''),('010901010046','','','','1',''),('010917010462','','','','1',''),('010927050388','','','','1',''),('011011050454','','','','1',''),('011020010606','','','','1',''),('011025101558','','','','1',''),('011104030188','','','','1',''),('011109010370','','','','1',''),('011110081328','','','','1',''),('011124080924','','','','1',''),('011211040381','','','','1',''),('011226100068','','','','1',''),('014-307 7215','','','','1',''),('020110101178','','','','1',''),('020114101976','','','','1',''),('020228040286','','','','1',''),('020321010903','','','','1',''),('020406100350','','','','1',''),('020429050368','','','','1',''),('020512100282','','','','1',''),('020523101686','','','','1',''),('020524141508','','','','1',''),('020616140684','','','','1',''),('020623081352','','','','1',''),('020707-01-0092','','BSN','0110241000045223','1',''),('020712040296','','','','1',''),('020713011286','','','','1',''),('020729100216','','','','1',''),('020730040118','','','','1',''),('020820011783','','','','1',''),('020830050292','','','','1',''),('020910100042','','','','1',''),('020914040200','','','','1',''),('021007070582','','','','1',''),('021009101012','','','7629736529','1',''),('021101011976','','','','1',''),('021106141198','','','','1',''),('021107010050','','','','1',''),('021107011176','','','','1',''),('021117141070','','','','1',''),('021221140190','','','','1',''),('030108101522','','','','1',''),('030111100272','','','','1',''),('030120140014','','','','1',''),('030127011282','','','','1',''),('030128050443','','','','1',''),('030216100391','','','','1',''),('030314080304','','','','1',''),('030328040258','','','','1',''),('030428010144','','','','1',''),('030711040488','','','','1',''),('030727101580','','','','1',''),('030814030864','','','','1',''),('030821011290','','','','1',''),('030911010048','','','','1',''),('030916101862','','','','1',''),('030926010550','','','','1',''),('031015011936','','','','1',''),('031024060908','','','','1',''),('031105140424','','','','1',''),('031105141240','','','','1',''),('031107100434','','','','1',''),('031121030022','MBB','','153011186678','1',''),('031204010924','','','','1',''),('031209090070','','','','1',''),('031216070676','','','','1',''),('040101050362','','','','1',''),('040105101534','','','','1',''),('040114141036','','','','1',''),('040128140384','','','','1',''),('040219010868','','','','1',''),('040225140570','','','','1',''),('040312011064','','','','1',''),('040401-03-0558','','','','1',''),('040506050096','','','','1',''),('040508101344','','','','1',''),('040511050082','','','','1',''),('040529010986','','','','1',''),('040608141044','','','','1',''),('040910011742','','','','1',''),('040920121400','','','','1',''),('041125050484','','','','1',''),('041212101112','','','','1',''),('050221101442','','','','1',''),('050406101078','','','','1',''),('050429010646','','','','1',''),('050510050370','','','','1',''),('050526010576','','','','1',''),('050528080906','','','','1',''),('050609050370','','','','1',''),('050903141070','','','','1',''),('050906011634','','','','1',''),('051017140748','','','','1',''),('051107101056','','','','1',''),('051116100274','','','','1',''),('060116011524','','','','1',''),('060306140298','','','','1',''),('060312070126','','','','1',''),('060421010739','','','','1',''),('060716010226','','','','1',''),('060929010078','','','','1',''),('070628100546','','','','1',''),('3000','','','','1',''),('491227105448 ','PBB','','6325932117','2',''),('610806106137','PBB','','3077774929','2',''),('630131015234','PBB','','6330289232','2',''),('640928107055','','','','1',''),('681230105331','','','','1',''),('690812015760','','','','1',''),('700328105250','','','','1',''),('710326106216','','','','1',''),('711114085796','','','','1',''),('720116145179','','','','1',''),('720323135459','MAYBANK','','111 114 032 209','1',''),('740518125355','','','','1',''),('740904105512','MBB','','114115170325','1',''),('741010-10-5702','','','','1',''),('750731145880','','','','1',''),('760106026068','','','','1',''),('760429085396','','','','1',''),('760429115022','','','','1',''),('760518145848','','','','1',''),('761028086106','PBB','','6902877533','2',''),('761107145397','','','','1',''),('770505045564','','','','1',''),('770620136090','','','','1',''),('771024045496','CIMB','','04110006010528','3',''),('771102136132','MAYBANK','','111011059475','1',''),('771126146132','MBB','','114244452295','1',''),('771210135743','HONG LEONG BANK','','364-50-08563-1','1',''),('780127016350','PBB','','6903879122','2',''),('780716045344','PBB','','4330977315','2',''),('780803095008','','','','1',''),('780914045222','CIMB','','7615744295','3',''),('780929145146','','','','1',''),('781112015632','RHB','','1-01400-0012889-8','1',''),('781219045196','','','','1',''),('790109055224','','','','1',''),('790322145798','','','','1',''),('791130015678','','','','1',''),('800427025270','MBB','','112344368511','1',''),('810401126160','','','','1',''),('810707015455','PUBLIC BANK','','3985430631','1',''),('810810016536','','','','1',''),('811124105242','','','','1',''),('811231055308','PBB','','4581961521','2',''),('820201045197','','','','1',''),('820424085874','MBB','','164137462809','1',''),('821003015856','','','','1',''),('821022016643','HSBC','','311-650865-108','1',''),('830404135263','MAYBANK','','111084045452','1',''),('830426-14-5083','','','','1',''),('830426145083','','','','1',''),('830520016448','MBB','','151182009459','1',''),('830604135495','RHB BANK','','1-11128-5007999-2','1',''),('830609015118','','','','1',''),('830906085104','','','','1',''),('831022075220','SCB','','620194843554','1',''),('831122105650','','','','1',''),('831229035592','','','','1',''),('840112015162','','','','1',''),('840316016335','','','','1',''),('840507145340','','','','1',''),('840604045384','PBB','','4466485627','2',''),('840827055256','HLB','','2600173634','4',''),('840908105729','','','','1',''),('841210135453','UOB','','9093360180','1',''),('850304045410','','','','1',''),('850519145566','MBB','','111177128654','1',''),('851128146216','','','','1',''),('851129135148','RHB','','11114600129930','1',''),('860129155004','','','','1',''),('860224385262','CIMB','','7045182068','3',''),('860430295866','','','','1',''),('860519386828','','','','1',''),('860702495424','','','','1',''),('860715235146','','','','1',''),('860808355358','MAYBANK','','157120188790','1',''),('861012355218','','','','1',''),('861025565724','','','','1',''),('861101435332','','','','1',''),('861113236816','','','','1',''),('861117355177','','','','1',''),('861120295849','MBB','','112491063532','1',''),('861222335012','','','','1',''),('870202115578','MBB','','113015285109','1',''),('870505565138','','','','1',''),('870612526775','CIMB','','7032021240','1',''),('870714145025','CIMB','','7044248710','3',''),('870929105127','MBB','','112688100024','1',''),('871018035185','MBB','','161051547060','1',''),('871103045038','','','','1',''),('880108125170','','','','1',''),('880129-12-5866','','','','1',''),('880303235412','','','','1',''),('880405035518','','','','1',''),('880519235040','PBB','','6411646524','2',''),('880807235344','','','','1',''),('880902565106','','','','1',''),('880913065844','','','','1',''),('881008055114','','','','1',''),('881008435360','MBB','','162393740825','1',''),('881210435444','','','','1',''),('890308105456 ','','','','1',''),('890409126184','CIMB','','7613918143','3',''),('890421016244','MBB','','151212899322','1',''),('890525435056','','','','1',''),('890604016052','MBB','','151017247840','1',''),('890608015356','MBB','','151213107698','1',''),('890617035842','','','','1',''),('891028015434','','','','1',''),('891103115778','','','','1',''),('891201016028','','','','1',''),('891219146496','','','','1',''),('900106146117','','','','1',''),('900113146166','MBB','','311140190443','1',''),('900120136695','MAYBANK','','161051471665','1',''),('900213145160','','','','1',''),('900510105392 ','','','','1',''),('900603145908','','','','1',''),('900617105448','','','','1',''),('900813016370','','','','1',''),('900904015808','','','','1',''),('901126126273','','','','1',''),('901205016320','MBB','','151017182447','1',''),('901217016176','','','','1',''),('910103045432','CIMB','','7054801923','3',''),('910103146735','','','','1',''),('910129085045','','','','1',''),('910308015085','','','','1',''),('910319105748','','','','1',''),('910416016966','OCBC','','7162118098','1',''),('910420016360','','','','1',''),('910429015612','','','','1',''),('910508145562','','','','1',''),('910712146394','','','','1',''),('910919016167','','','','1',''),('910924035338','','','','1',''),('911010105648','','','','1',''),('911015145083','','','','1',''),('911103016900','','','','1',''),('911113-01-5514','','','','1',''),('911220015640','CIMB','','01280008672528','3',''),('911223016032','MBB','','151539114665','1',''),('920101105584','MBB','','112688139019','1',''),('920207075539','CIMB BANK','','7022495885','1',''),('920303-01-5376','','','','1',''),('920303015376','','','','1',''),('920520016842','CIMB','','7609053868','3',''),('920610015712','MBB','','151294765813','1',''),('920707045096','','','','1',''),('920718115168','','','','1',''),('920807025156','','','','1',''),('920823105148','','','','1',''),('920824086102','','','','1',''),('920922146332','','','','1',''),('921020135102','','','','1',''),('921103075686','','','','1',''),('921206036196','','','','1',''),('930109145416','PBB','','4535644803','2',''),('930110085406','','','','1',''),('930121015606','','','','1',''),('930301145248','','','','1',''),('930304045410','','','','1',''),('930330016162','','','','1',''),('930426015308','','','','1',''),('930510065391','','','','1',''),('930527065590','CIMB','','04050003342208','3',''),('930609065498','','','','1',''),('930621015450','','','','1',''),('930722146716','','','','1',''),('930809115146','','','','1',''),('930916135329','RHB BANK','','11116400160449','1',''),('931029105005','MBBE','','162384894498','1',''),('931115085813','','','','1',''),('931125055204','','','','1',''),('931209146170','','','','1',''),('940112016470','','','','1',''),('940227115428','','','','1',''),('940303016158','CIMB','','7625817682','3',''),('940324145004','ALB','','122480010027225','1',''),('940326085586','','','','1',''),('940511016232','','','','1',''),('940525016313','MBB','','151285197951','1',''),('940624015316 ','RHB','','15119700037940','6',''),('940720025282','','','','1',''),('940721015094','','','','1',''),('940721055424','MBBE','','155108876145','1',''),('940805105978 ','','','','1',''),('940812015620','','','','1',''),('940829085078','MBB','','164892086479','1',''),('940906146322 ','','','','1',''),('940907145399','','','','1',''),('940910016256 ','MBB','','151454087028','1',''),('940912015994','','','','1',''),('940913016278','BSN','','0112041000025726','8',''),('940918016541','CIMB','','7068423757','1',''),('941001055324','','','','1',''),('941002015500','','','','1',''),('941011145075','MBBE','','153131160259','1',''),('941112045356','HONG LEONG BANK','','26750120911','1',''),('941119016339','','','','1',''),('941121045059','','','','1',''),('941210035434','MBB','','164034344355','1',''),('950110146924','','','','1',''),('950125015396','','','','1',''),('950219015880','','','','1',''),('950219015928','','','','1',''),('950310145000','','','','1',''),('950310145002','','','','1',''),('950321065796','','','','1',''),('950327016186','','','','1',''),('950415015116','3','','7619678685','3',''),('950430135159','AMBANK','','8881016004112','1',''),('950507016300  ','','','','1',''),('950516055491','PUBLIC BANK','','6383277005','1',''),('950519016674','','','','1',''),('950524106754','','','','1',''),('950722105824','','','16861200441','1',''),('950805016894','','','','1',''),('950813015242','','','','1',''),('950818055286','','','','1',''),('950821105862','','','','1',''),('950930106776','BIMB','','14256020137452','1',''),('951007145119','3','','7005711531','1',''),('951027065335','','','','1',''),('951119065324','','','','1',''),('951120135051','RHB BANK','','16127100020261','1',''),('951127106472','','','','1',''),('951215025234','','','','1',''),('960101015964','RHB','','10114700313850','6',''),('960117145798','','','','1',''),('960206045748','','','','1',''),('960209016512','CIMB','','7054035027','1',''),('960215015524','','','','1',''),('960225126332','','','','1',''),('960228065184','','','','1',''),('960311016818','','','','1',''),('960316435296','','','','1',''),('960425125414','','','','1',''),('960430146658','','','','1',''),('960510105856','','','','1',''),('960531145814','','','','1',''),('960607086129','CIMB','','7057333478','1',''),('960608015322','','','','1',''),('960609015869','CIMB','','7061727512','1',''),('960609086288','','','','1',''),('960609115472','','','','1',''),('960630055304','','','','1',''),('960723015870','','','151071514243','1',''),('960809136008','','','','1',''),('960813105538','','','','1',''),('960821-14-5484','','','','1',''),('960823085016','','','','1',''),('960824075450','','','','1',''),('960831085964','','','','1',''),('960902135296','','','','1',''),('960912016530','','','','1',''),('960920106624','','','','1',''),('960927235146','','','','1',''),('961003015228','','','','1',''),('961024075668','MAYBANK','','157250120953','1',''),('961031015663','','','','1',''),('961127016396','','','','1',''),('961207016150','','','','1',''),('961219105126 ','','','','1',''),('970128126188   ','','','','1',''),('970202025976','','','','1',''),('970212065728','','','','1',''),('970216015138','','','','1',''),('970217385042','','','','1',''),('970302015724','','','','1',''),('970310105738','CIMB BANK','','7060899388','1',''),('970319565044','MAYBANK','','114842161547','1',''),('970328016768','','','','1',''),('970328115446','','','','1',''),('970401055270','','','','1',''),('970414055034','','','','1',''),('970419126364','','','','1',''),('970503016600 ','','','','1',''),('970503016993','','','','1',''),('970513017156','','','','1',''),('970516086042','','','','1',''),('970527135778','','','','1',''),('970602016454','','','','1',''),('970629145467','','','','1',''),('970704015946','','','','1',''),('970708-01-6372','','','','1',''),('970719055086','','MBB','155032592026','1',''),('970726015146','','','','1',''),('970804-12-6432','','','','1',''),('970806145944','','','','1',''),('970809016902','','','','1',''),('970813015750','','','','1',''),('970814017328','','','','1',''),('970818145730','','','','1',''),('970820145676','','','','1',''),('970825015950','','','','1',''),('970829016838','','','','1',''),('970905305034','','','','1',''),('970916015745','','','','1',''),('970921105542','','','','1',''),('970927045202','','','','1',''),('970927105332  ','','','','1',''),('971010035744','','','','1',''),('971012105988','','','','1',''),('971027-14-6328','','','','1',''),('971027146328','','','','1',''),('971101016880','','','','1',''),('971103055058','CIMB','','7057110748','3',''),('971104016720','','','','1',''),('971105106680 ','','','','1',''),('971106045410','','','','1',''),('971108145554','','','','1',''),('971110105666','','','','1',''),('971111385612','','','','1',''),('971117075586','','','','1',''),('971218-43-5050','','','','1',''),('971227036633  ','','','','1',''),('971231055466','CIMB','MBB','7069415540','1',''),('980101015460','MBB','','151101381841','1',''),('980105045050','','','','1',''),('980109145534','','','','1',''),('980110016430','','','','1',''),('980110565210','','','','1',''),('980113015636','','','','1',''),('980124016124','','','','1',''),('980203125513','','','','1',''),('980213016206','','','','1',''),('980214066256','','','','1',''),('980222145106','','','','1',''),('980224055892','','','','1',''),('980323015212','','','','1',''),('980412065828','','','','1',''),('980426065626','','','','1',''),('980518016549  ','','','','1',''),('980521105438','','','','1',''),('980612015665','CIMB BANK','','7064799569','1',''),('980614016880','','','','1',''),('980630145519','RHB BANK','','11204000637550','1',''),('980703087162','','','','1',''),('980724085043','','','','1',''),('980811105110','','','','1',''),('980902075340','','','','1',''),('980905145316','','','','1',''),('980910105220','','','','1',''),('980922106319','','','','1',''),('981008016172 ','CIMB','','7063221525','3',''),('981012087184','','','','1',''),('981024435430','','','','1',''),('981026016176','','','','1',''),('981030045324','','','','1',''),('981030145528','','','','1',''),('981102145472','','','','1',''),('981112105458','','','','1',''),('981113017468','','','','1',''),('981130125946 ','','','','1',''),('981212065035','','','','1',''),('981220106976','','','','1',''),('990109106884','','','','1',''),('990114107814','','','','1',''),('990121085828','','','','1',''),('990128016542','','','','1',''),('990206045374','','','','1',''),('990211105423','','','','1',''),('990222086934','','','','1',''),('990228-01-5846','','','','1',''),('990316145827','','','','1',''),('990401017264','','','','1',''),('990430146188','','','','1',''),('990528135743','','','','1',''),('990530087947','','','','1',''),('990601146431','','','','1',''),('990602088632','','','','1',''),('990605135764','','','','1',''),('990610105658','','','','1',''),('990625016228','','','','1',''),('990716036304','','','','1',''),('990805116322','','','','1',''),('990809105014','','','','1',''),('990926016176','','','','1',''),('990927145412','','','','1',''),('991007145588','','','','1',''),('991008016526','','','','1',''),('991201025600','','','','1',''),('991208146552','','','','1',''),('991230106186','','','','1',''),('AJ841173 ','','','','1',''),('EC3212965','MBB','','162889059168','1',''),('N1924524','','','','1',''),('Nadia','','','','1',''),('NOONEUSE','','','','1',''),('S6904524C','','','','1',''),('S7736886H','','','','1',''),('S7774305G','','','','1',''),('S8616522H','','','','1',''),('SINNEE','','','','1',''),('YEWMUN','','','','1',''),('ZHENJIAN','','','','1','');

--
-- Table structure for table `user_insurance`
--

CREATE TABLE `user_insurance` (
  `username` varchar(50) NOT NULL,
  `socso_no` varchar(30) DEFAULT NULL,
  `tables` varchar(30) DEFAULT NULL,
  `socso_ic` varchar(30) DEFAULT NULL,
  `category` varchar(30) DEFAULT NULL,
  `socso_initial` varchar(30) DEFAULT NULL,
  PRIMARY KEY (`username`)
) ENGINE=InnoDB DEFAULT CHARSET=latin1;

--
-- Dumping data for table `user_insurance`
--

INSERT INTO `user_insurance` VALUES ('000101011842','','','','',''),('000114050218','','','','',''),('000114141558','','','','',''),('000125101252','','normal_contribution','new_IC_number','1',''),('000205011804','','','','',''),('000208101354','','','','',''),('000209010948','','','','',''),('000220101576 ','','','','',''),('000221020612','','','','',''),('000224100722','','','','',''),('000312021071  ','','','','',''),('000321011414','','','','',''),('000331130652','','','','',''),('000405012094','','','','',''),('000407010578','','','','',''),('000413011120','','','','',''),('000421060782','','','','',''),('000427080274','','','','',''),('000428120696','','','','',''),('000501-05-0162','','','','',''),('000512050416','','','','',''),('000523030162','','','','',''),('000607011540','','','','',''),('000611050526','','','','',''),('000615010986','','','','',''),('000616930012','','','','',''),('000702040390','','normal_contribution','new_IC_number','1',''),('000705141074','','','','',''),('000812101190','','','','',''),('000829011204','','','','',''),('000903140240','','','','',''),('001001-01-1372','','','','',''),('001010060467','','','','',''),('001016102058','','','','',''),('001110081062','','','','',''),('001113080225','','','','',''),('001123040286','','normal_contribution','new_IC_number','1',''),('001129141379','','','','',''),('010103101402','','','','',''),('010202100894','','','','',''),('010208130744','','','','',''),('010208141558','','','','',''),('010301010720','','','','',''),('010306100143','','','','',''),('010327101970','','','','',''),('010410-14-0794','','','','',''),('010412101158','','','','',''),('010420131090','','','','',''),('010427-07-0411','','','','',''),('010429101074','','','','',''),('010501110080','','','','',''),('010502011308','','','','',''),('010503140603','','','','',''),('010512140744','','','','',''),('010524011608','','','','',''),('010604010920','','','','',''),('010617010874','','','','',''),('010622140200','','','','',''),('010628011864','','','','',''),('010628080448','','','','',''),('010629050136','','','','',''),('010711100278','','','','',''),('010713010786','','','','',''),('010718130066','','','','',''),('010721010292','','','','',''),('010807010330','','','','',''),('010809080746','','','','',''),('010811020654','','','','',''),('010829010964  ','','','','',''),('010831050236','','','','',''),('010901010046','','','','',''),('010917010462','','','','',''),('010927050388','','','','',''),('011011050454','','','','',''),('011020010606','','','','',''),('011025101558','','','','',''),('011104030188','','','','',''),('011109010370','','','','',''),('011110081328','','','','',''),('011124080924','','','','',''),('011211040381','','normal_contribution','new_IC_number','1',''),('011226100068','','','','',''),('014-307 7215','','','','',''),('020110101178','','','','',''),('020114101976','','','','',''),('020228040286','','','','',''),('020321010903','','normal_contribution','new_IC_number','1',''),('020406100350','','','','',''),('020429050368','','','','',''),('020512100282','','','','',''),('020523101686','','','','',''),('020524141508','','','','',''),('020616140684','','','','',''),('020623081352','','','','',''),('020707-01-0092','','','','',''),('020712040296','','normal_contribution','new_IC_number','1',''),('020713011286','','','','',''),('020729100216','','','','',''),('020730040118','','','','',''),('020820011783','','','','',''),('020830050292','','','','',''),('020910100042','','','','',''),('020914040200','','','','',''),('021007070582','','','','',''),('021009101012','','','','',''),('021101011976','','','','',''),('021106141198','','','','',''),('021107010050','','','','',''),('021107011176','','','','',''),('021117141070','','','','',''),('021221140190','','','','',''),('030108101522','','','','',''),('030111100272','','','','',''),('030120140014','','','','',''),('030127011282','','normal_contribution','new_IC_number','1',''),('030128050443','','normal_contribution','new_IC_number','1',''),('030216100391','','normal_contribution','new_IC_number','1',''),('030314080304','','normal_contribution','new_IC_number','1',''),('030328040258','','normal_contribution','new_IC_number','1',''),('030428010144','','','','',''),('030711040488','','','','',''),('030727101580','','','','',''),('030814030864','','','','',''),('030821011290','','','','',''),('030911010048','','','','',''),('030916101862','','','','',''),('030926010550','','','','',''),('031015011936','','','','',''),('031024060908','','','','',''),('031105140424','','','','',''),('031105141240','','normal_contribution','new_IC_number','1',''),('031107100434','','','','',''),('031121030022','','','','',''),('031204010924','','','','',''),('031209090070','','','','',''),('031216070676','','','','',''),('040101050362','','','','',''),('040105101534','','','','',''),('040114141036','','','','',''),('040128140384','','','','',''),('040219010868','','normal_contribution','new_IC_number','1',''),('040225140570','','','','',''),('040312011064','','normal_contribution','new_IC_number','1',''),('040401-03-0558','','','','',''),('040506050096','','','','',''),('040508101344','','','','',''),('040511050082','','','','',''),('040529010986','','','','',''),('040608141044','','','','',''),('040910011742','','normal_contribution','new_IC_number','1',''),('040920121400','','','','',''),('041125050484','','','','',''),('041212101112','','','','',''),('050221101442','','','','',''),('050406101078','','','','',''),('050429010646','','','','',''),('050510050370','','','','',''),('050526010576','','','','',''),('050528080906','','','','',''),('050609050370','','','','',''),('050903141070','','','','',''),('050906011634','','','','',''),('051017140748','','','','',''),('051107101056','','','','',''),('051116100274','','normal_contribution','new_IC_number','1',''),('060116011524','','normal_contribution','new_IC_number','1',''),('060306140298','','normal_contribution','new_IC_number','1',''),('060312070126','','normal_contribution','new_IC_number','1',''),('060421010739','','','','',''),('060716010226','','','','',''),('060929010078','','normal_contribution','new_IC_number','1',''),('070628100546','','','','',''),('3000','','','','',''),('491227105448 ','','','','',''),('610806106137','','','','',''),('630131015234','','','','',''),('640928107055','','','','',''),('681230105331','','normal_contribution','new_IC_number','1',''),('690812015760','','','','',''),('700328105250','','normal_contribution','new_IC_number','1',''),('710326106216','','normal_contribution','new_IC_number','1',''),('711114085796','','','','',''),('720116145179','','','','',''),('720323135459','','','','',''),('740518125355','','','','',''),('740904105512','','','','',''),('741010-10-5702','','','','',''),('750731145880','','','','',''),('760106026068','','','','',''),('760429085396','','','','',''),('760429115022','','normal_contribution','new_IC_number','1',''),('760518145848','','normal_contribution','new_IC_number','1',''),('761028086106','','','','',''),('761107145397','','normal_contribution','new_IC_number','1',''),('770505045564','','','','',''),('770620136090','','','','',''),('771024045496','','','','',''),('771102136132','','','','',''),('771126146132','','','','',''),('771210135743','','','','',''),('780127016350','','','','',''),('780716045344','','','','',''),('780803095008','','','','',''),('780914045222','','','','',''),('780929145146','','','','',''),('781112015632','','','','',''),('781219045196','','','','',''),('790109055224','','','','',''),('790322145798','','','','',''),('791130015678','','','','',''),('800427025270','','','','',''),('810401126160','','','','',''),('810707015455','','','','',''),('810810016536','','','','',''),('811124105242','','','','',''),('811231055308','','','','',''),('820201045197','','','','',''),('820424085874','','','','',''),('821003015856','','','','',''),('821022016643','','','','',''),('830404135263','','','','',''),('830426-14-5083','','normal_contribution','new_IC_number','1',''),('830426145083','','','','',''),('830520016448','','','','',''),('830604135495','','','','',''),('830609015118','','','','',''),('830906085104','','','','',''),('831022075220','','normal_contribution','new_IC_number','1',''),('831122105650','','','','',''),('831229035592','','','','',''),('840112015162','','','','',''),('840316016335','','','','',''),('840507145340','','','','',''),('840604045384','','','','',''),('840827055256','','','','',''),('840908105729','','','','',''),('841210135453','','','','',''),('850304045410','','','','',''),('850519145566','','','','',''),('851128146216','','','','',''),('851129135148','','normal_contribution','new_IC_number','1',''),('860129155004','','','','',''),('860224385262','','','','',''),('860430295866','','','','',''),('860519386828','','','','',''),('860702495424','','','','',''),('860715235146','','','','',''),('860808355358','','','','',''),('861012355218','','','','',''),('861025565724','','','','',''),('861101435332','','','','',''),('861113236816','','','','',''),('861117355177','','normal_contribution','new_IC_number','1',''),('861120295849','','','','',''),('861222335012','','','','',''),('870202115578','','','','',''),('870505565138','','','','',''),('870612526775','','','','',''),('870714145025','','','','',''),('870929105127','','','','',''),('871018035185','','normal_contribution','new_IC_number','1',''),('871103045038','','','','',''),('880108125170','','normal_contribution','new_IC_number','1',''),('880129-12-5866','','','','',''),('880303235412','','','','',''),('880405035518','','normal_contribution','new_IC_number','1',''),('880519235040','','','','',''),('880807235344','','','','',''),('880902565106','','','','',''),('880913065844','','','','',''),('881008055114','','','','',''),('881008435360','','','','',''),('881210435444','','','','',''),('890308105456 ','','','','',''),('890409126184','','','','',''),('890421016244','','','','',''),('890525435056','','','','',''),('890604016052','','','','',''),('890608015356','','','','',''),('890617035842','','','','',''),('891028015434','','','','',''),('891103115778','','','','',''),('891201016028','','','','',''),('891219146496','','','','',''),('900106146117','','','','',''),('900113146166','','','','',''),('900120136695','','','','',''),('900213145160','','','','',''),('900510105392 ','','','','',''),('900603145908','','normal_contribution','new_IC_number','1',''),('900617105448','','normal_contribution','new_IC_number','1',''),('900813016370','','','','',''),('900904015808','','','','',''),('901126126273','','','','',''),('901205016320','','','','',''),('901217016176','','','','',''),('910103045432','','','','',''),('910103146735','','normal_contribution','new_IC_number','1',''),('910129085045','','','','',''),('910308015085','','','','',''),('910319105748','','','','',''),('910416016966','','','','',''),('910420016360','','','','',''),('910429015612','','','','',''),('910508145562','','','','',''),('910712146394','','','','',''),('910919016167','','','','',''),('910924035338','','','','',''),('911010105648','','','','',''),('911015145083','','','','',''),('911103016900','','','','',''),('911113-01-5514','','','','',''),('911220015640','','','','',''),('911223016032','','','','',''),('920101105584','','','','',''),('920207075539','','','','',''),('920303-01-5376','','','','',''),('920303015376','','normal_contribution','new_IC_number','1',''),('920520016842','','','','',''),('920610015712','','','','',''),('920707045096','','','','',''),('920718115168','','','','',''),('920807025156','','','','',''),('920823105148','','','','',''),('920824086102','','','','',''),('920922146332','','normal_contribution','new_IC_number','1',''),('921020135102','','','','',''),('921103075686','','normal_contribution','new_IC_number','1',''),('921206036196','','','','',''),('930109145416','','','','',''),('930110085406','','','','',''),('930121015606','','','','',''),('930301145248','','','','',''),('930304045410','','normal_contribution','new_IC_number','1',''),('930330016162','','','','',''),('930426015308','','','','',''),('930510065391','','','','',''),('930527065590','','','','',''),('930609065498','','','','',''),('930621015450','','','','',''),('930722146716','','','','',''),('930809115146','','','','',''),('930916135329','','','','',''),('931029105005','','','','',''),('931115085813','','','','',''),('931125055204','','','','',''),('931209146170','','','','',''),('940112016470','','','','',''),('940227115428','','','','',''),('940303016158','','','','',''),('940324145004','','','','',''),('940326085586','','','','',''),('940511016232','','','','',''),('940525016313','','','','',''),('940624015316 ','','','','',''),('940720025282','','','','',''),('940721015094','','','','',''),('940721055424','','','','',''),('940805105978 ','','','','',''),('940812015620','','','','',''),('940829085078','','','','',''),('940906146322 ','','','','',''),('940907145399','','','','',''),('940910016256 ','','','','',''),('940912015994','','','','',''),('940913016278','','','','',''),('940918016541','','','','',''),('941001055324','','','','',''),('941002015500','','normal_contribution','new_IC_number','1',''),('941011145075','','','','',''),('941112045356','','','','',''),('941119016339','','','','',''),('941121045059','','','','',''),('941210035434','','','','',''),('950110146924','','','','',''),('950125015396','','','','',''),('950219015880','','','','',''),('950219015928','','','','',''),('950310145000','','','','',''),('950310145002','','','','',''),('950321065796','','','','',''),('950327016186','','','','',''),('950415015116','','','','',''),('950430135159','','','','',''),('950507016300  ','','','','',''),('950516055491','','','','',''),('950519016674','','','','',''),('950524106754','','normal_contribution','new_IC_number','1',''),('950722105824','','','','',''),('950805016894','','normal_contribution','new_IC_number','1',''),('950813015242','','','','',''),('950818055286','','','','',''),('950821105862','','','','',''),('950930106776','','','','',''),('951007145119','','','','',''),('951027065335','20077145','','','',''),('951119065324','','','','',''),('951120135051','','','','',''),('951127106472','','','','',''),('951215025234','','','','',''),('960101015964','','','','',''),('960117145798','','','','',''),('960206045748','','','','',''),('960209016512','','','','',''),('960215015524','','','','',''),('960225126332','','','','',''),('960228065184','','','','',''),('960311016818','','','','',''),('960316435296','','','','',''),('960425125414','','normal_contribution','new_IC_number','1',''),('960430146658','','','','',''),('960510105856','','','','',''),('960531145814','','','','',''),('960607086129','','','','',''),('960608015322','','','','',''),('960609015869','','','','',''),('960609086288','','','','',''),('960609115472','','','','',''),('960630055304','','','','',''),('960723015870','','','','',''),('960809136008','','','','',''),('960813105538','','','','',''),('960821-14-5484','','','','',''),('960823085016','','','','',''),('960824075450','','normal_contribution','new_IC_number','1',''),('960831085964','','','','',''),('960902135296','','','','',''),('960912016530','','','','',''),('960920106624','','','','',''),('960927235146','','','','',''),('961003015228','','','','',''),('961024075668','','','','',''),('961031015663','','','','',''),('961127016396','','normal_contribution','new_IC_number','1',''),('961207016150','','','','',''),('961219105126 ','','','','',''),('970128126188   ','','','','',''),('970202025976','','','','',''),('970212065728','','','','',''),('970216015138','','','','',''),('970217385042','','','','',''),('970302015724','','normal_contribution','new_IC_number','1',''),('970310105738','','','','',''),('970319565044','','','','',''),('970328016768','','','','',''),('970328115446','','','','',''),('970401055270','','','','',''),('970414055034','','','','',''),('970419126364','','','','',''),('970503016600 ','','','','',''),('970503016993','','normal_contribution','new_IC_number','1',''),('970513017156','','','','',''),('970516086042','','','','',''),('970527135778','','','','',''),('970602016454','','','','',''),('970629145467','','','','',''),('970704015946','','','','',''),('970708-01-6372','','','','',''),('970719055086','','','','',''),('970726015146','','','','',''),('970804-12-6432','','','','',''),('970806145944','','','','',''),('970809016902','','','','',''),('970813015750','','normal_contribution','new_IC_number','1',''),('970814017328','','','','',''),('970818145730','','','','',''),('970820145676','','','','',''),('970825015950','','','','',''),('970829016838','','','','',''),('970905305034','','normal_contribution','new_IC_number','1',''),('970916015745','','','','',''),('970921105542','','','','',''),('970927045202','','normal_contribution','new_IC_number','1',''),('970927105332  ','','','','',''),('971010035744','','','','',''),('971012105988','','normal_contribution','new_IC_number','1',''),('971027-14-6328','','','','',''),('971027146328','','','','',''),('971101016880','','','','',''),('971103055058','','normal_contribution','new_IC_number','1',''),('971104016720','','','','',''),('971105106680 ','','','','',''),('971106045410','','','','',''),('971108145554','','','','',''),('971110105666','','','','',''),('971111385612','','','','',''),('971117075586','','','','',''),('971218-43-5050','','','','',''),('971227036633  ','','','','',''),('971231055466','','','','',''),('980101015460','','','','',''),('980105045050','','','','',''),('980109145534','','','','',''),('980110016430','','','','',''),('980110565210','','','','',''),('980113015636','','','','',''),('980124016124','','','','',''),('980203125513','','','','',''),('980213016206','','','','',''),('980214066256','','','','',''),('980222145106','','','','',''),('980224055892','','','','',''),('980323015212','','','','',''),('980412065828','','','','',''),('980426065626','','','','',''),('980518016549  ','','','','',''),('980521105438','','','','',''),('980612015665','','','','',''),('980614016880','','','','',''),('980630145519','','','','',''),('980703087162','','','','',''),('980724085043','','','','',''),('980811105110','','normal_contribution','new_IC_number','1',''),('980902075340','','','','',''),('980905145316','','','','',''),('980910105220','','','','',''),('980922106319','','','','',''),('981008016172 ','','','','',''),('981012087184','','','','',''),('981024435430','','','','',''),('981026016176','','','','',''),('981030045324','','','','',''),('981030145528','','','','',''),('981102145472','','','','',''),('981112105458','','','','',''),('981113017468','','','','',''),('981130125946 ','','','','',''),('981212065035','','','','',''),('981220106976','','','','',''),('990109106884','','','','',''),('990114107814','','normal_contribution','new_IC_number','1',''),('990121085828','','','','',''),('990128016542','','','','',''),('990206045374','','','','',''),('990211105423','','','','',''),('990222086934','','','','',''),('990228-01-5846','','','','',''),('990316145827','','','','',''),('990401017264','','','','',''),('990430146188','','','','',''),('990528135743','','','','',''),('990530087947','','','','',''),('990601146431','','','','',''),('990602088632','','','','',''),('990605135764','','','','',''),('990610105658','','','','',''),('990625016228','','','','',''),('990716036304','','normal_contribution','new_IC_number','1',''),('990805116322','','','','',''),('990809105014','','','','',''),('990926016176','','','','',''),('990927145412','','','','',''),('991007145588','','','','',''),('991008016526','','','','',''),('991201025600','','','','',''),('991208146552','','','','',''),('991230106186','','','','',''),('AJ841173 ','','','','',''),('EC3212965','','','','',''),('N1924524','202201995138','','','',''),('Nadia','','','','',''),('NOONEUSE','','','','',''),('S6904524C','','','','',''),('S7736886H','','','','',''),('S7774305G','','','','',''),('S8616522H','','','','',''),('SINNEE','','normal_contribution','new_IC_number','1',''),('YEWMUN','','','','',''),('ZHENJIAN','','','','','');

--
-- Table structure for table `user_pay`
--

CREATE TABLE `user_pay` (
  `username` varchar(50) NOT NULL,
  `job_title` varchar(50) DEFAULT NULL,
  `branch_id` int DEFAULT NULL,
  `department_id` int DEFAULT NULL,
  `category_id` int DEFAULT NULL,
  `date_commence` date DEFAULT NULL,
  `date_prompted` date DEFAULT NULL,
  `date_resigned` date DEFAULT NULL,
  `date_confirmed` date DEFAULT NULL,
  `date_attendance_start` date DEFAULT NULL,
  `pay_rate_type` varchar(30) DEFAULT NULL,
  `pay_method` varchar(30) DEFAULT NULL,
  `pay_status` int DEFAULT NULL,
  `contract` int DEFAULT NULL,
  PRIMARY KEY (`username`),
  KEY `branch_id` (`branch_id`),
  KEY `username` (`username`),
  KEY `department_id` (`department_id`),
  KEY `category_id` (`category_id`),
  KEY `date_commence` (`date_commence`),
  KEY `date_resigned` (`date_resigned`),
  KEY `date_confirmed` (`date_confirmed`),
  KEY `pay_status` (`pay_status`),
  KEY `job_title` (`job_title`,`branch_id`)
) ENGINE=InnoDB DEFAULT CHARSET=latin1;

--
-- Dumping data for table `user_pay`
--

INSERT INTO `user_pay` VALUES ('000101011842','Dental Surgery Assistant',30,20,65,'2025-06-12','0000-00-00','0000-00-00','0000-00-00','0000-00-00','Monthly','Bank',1,1),('000114050218','',109,6,232,'2023-04-03','0000-00-00','0000-00-00','0000-00-00','0000-00-00','Monthly','Bank',0,1),('000114141558','Dental Surgery Assistant',24,21,61,'2025-02-21','0000-00-00','2025-05-02','0000-00-00','0000-00-00','Monthly','Bank',1,1),('000125101252','',103,6,224,'2024-08-14','0000-00-00','0000-00-00','0000-00-00','0000-00-00','Monthly','Bank',1,1),('000205011804','ADMIN EXECUTIVE',18,7,50,'2023-08-07','0000-00-00','0000-00-00','0000-00-00','0000-00-00','Monthly','Bank',1,1),('000208101354','DSA',79,6,197,'2022-09-12','0000-00-00','0000-00-00','0000-00-00','0000-00-00','Monthly','Bank',0,1),('000209010948','DSA',114,20,208,'2022-03-21','0000-00-00','0000-00-00','0000-00-00','0000-00-00','Monthly','Bank',1,1),('000220101576 ','ACCOUNTS ASSISTANT',18,8,50,'2022-08-22','0000-00-00','0000-00-00','0000-00-00','0000-00-00','Monthly','Bank',1,1),('000221020612','DSA',80,6,201,'2020-02-13','0000-00-00','0000-00-00','0000-00-00','0000-00-00','Monthly','Bank',0,1),('000224100722','',90,21,211,'2021-12-02','0000-00-00','2025-01-21','0000-00-00','0000-00-00','Monthly','Bank',0,1),('000312021071  ','ADMIN ASSISTANT',18,7,50,'2022-08-22','0000-00-00','0000-00-00','0000-00-00','0000-00-00','Monthly','Bank',0,1),('000321011414','',89,20,210,'2023-11-01','0000-00-00','0000-00-00','0000-00-00','0000-00-00','Monthly','Bank',1,1),('000331130652','',26,6,62,'2022-09-19','0000-00-00','0000-00-00','0000-00-00','0000-00-00','Monthly','Bank',0,1),('000405012094','',31,6,66,'2023-06-02','0000-00-00','0000-00-00','0000-00-00','0000-00-00','Monthly','Bank',0,1),('000407010578','DSA',78,6,196,'2022-09-01','0000-00-00','0000-00-00','0000-00-00','0000-00-00','Monthly','Bank',0,1),('000413011120','Dental Surgery Assistant',78,20,196,'2024-06-10','0000-00-00','0000-00-00','0000-00-00','0000-00-00','Monthly','Bank',1,1),('000421060782','',106,6,227,'2022-05-09','0000-00-00','0000-00-00','0000-00-00','0000-00-00','Monthly','Bank',1,1),('000427080274','',90,6,211,'2022-11-07','0000-00-00','0000-00-00','0000-00-00','0000-00-00','Monthly','Bank',0,1),('000428120696','',26,6,62,'2023-06-12','0000-00-00','0000-00-00','0000-00-00','0000-00-00','Monthly','Bank',0,1),('000501-05-0162','',109,6,232,'2023-10-19','0000-00-00','0000-00-00','0000-00-00','0000-00-00','Monthly','Bank',0,1),('000512050416','Dental Associate',103,21,224,'2024-10-01','0000-00-00','2025-03-06','0000-00-00','0000-00-00','Monthly','Bank',1,1),('000523030162','',107,6,228,'2023-02-06','0000-00-00','0000-00-00','0000-00-00','0000-00-00','Monthly','Bank',0,1),('000607011540','ACCOUNTS ASSISTANT',18,8,50,'2019-01-01','0000-00-00','2018-08-31','0000-00-00','0000-00-00','Monthly','Bank',1,1),('000611050526','',109,6,232,'2022-10-17','0000-00-00','0000-00-00','0000-00-00','0000-00-00','Monthly','Bank',0,1),('000615010986','',79,20,197,'2024-03-18','0000-00-00','2025-01-31','0000-00-00','0000-00-00','Monthly','Bank',0,1),('000616930012','UI/UX DESIGNER',227,7,215,'2022-07-04','0000-00-00','2024-02-10','0000-00-00','0000-00-00','Monthly','Bank',1,0),('000702040390','',23,6,60,'2023-02-27','0000-00-00','0000-00-00','0000-00-00','0000-00-00','Monthly','Bank',1,1),('000705141074','Dental Associate',93,21,214,'2025-03-07','0000-00-00','2025-06-26','0000-00-00','0000-00-00','Monthly','Bank',1,1),('000812101190','Dental Surgery Assistant',102,21,223,'2024-12-02','0000-00-00','2025-07-31','0000-00-00','0000-00-00','Monthly','Bank',1,0),('000829011204','',79,6,197,'2022-10-10','0000-00-00','0000-00-00','0000-00-00','0000-00-00','Monthly','Bank',0,1),('000903140240','DSA',104,6,48,'2021-11-26','0000-00-00','0000-00-00','0000-00-00','0000-00-00','Monthly','Bank',0,1),('001001-01-1372','',85,6,206,'2023-12-04','0000-00-00','0000-00-00','0000-00-00','0000-00-00','Monthly','Bank',0,1),('001010060467','HR Admin Assistant',231,19,48,'2025-05-05','0000-00-00','0000-00-00','0000-00-00','0000-00-00','Monthly','Bank',1,1),('001016102058','',26,6,62,'2023-03-13','0000-00-00','0000-00-00','0000-00-00','0000-00-00','Monthly','Bank',0,1),('001110081062','',31,6,66,'2023-12-20','0000-00-00','0000-00-00','0000-00-00','0000-00-00','Monthly','Bank',0,1),('001113080225','IT ASSISTANT',18,7,50,'2023-08-01','0000-00-00','0000-00-00','0000-00-00','0000-00-00','Monthly','Bank',1,1),('001123040286','',25,6,59,'2019-06-27','0000-00-00','0000-00-00','0000-00-00','0000-00-00','Monthly','Bank',1,1),('001129141379','Dental Surgery Assistant',17,21,49,'2024-09-17','0000-00-00','2025-03-31','0000-00-00','0000-00-00','Monthly','Bank',1,1),('010103101402','DSA',86,6,207,'2019-06-07','0000-00-00','2021-06-02','0000-00-00','0000-00-00','Monthly','Bank',0,1),('010202100894','',83,6,204,'2023-08-14','0000-00-00','0000-00-00','0000-00-00','0000-00-00','Monthly','Bank',0,1),('010208130744','Dental Associate(GAP)',20,21,52,'2025-10-09','0000-00-00','0000-00-00','0000-00-00','0000-00-00','Monthly','Bank',1,1),('010208141558','DSA',84,6,205,'2021-03-12','0000-00-00','2021-08-01','0000-00-00','0000-00-00','Monthly','Bank',0,1),('010301010720','JR.ACCOUNTS EXECUTIVE',18,8,50,'2024-07-16','0000-00-00','0000-00-00','0000-00-00','0000-00-00','Monthly','Bank',1,0),('010306100143','Dental Associate(GAP)',103,21,224,'2025-10-04','0000-00-00','0000-00-00','0000-00-00','0000-00-00','Monthly','Bank',1,1),('010327101970','',83,6,204,'2023-08-17','0000-00-00','0000-00-00','0000-00-00','0000-00-00','Monthly','Bank',1,1),('010410-14-0794','',90,6,211,'2023-01-09','0000-00-00','0000-00-00','0000-00-00','0000-00-00','Monthly','Bank',0,1),('010412101158','Dental Associate(GAP)',24,21,61,'2025-10-09','0000-00-00','0000-00-00','0000-00-00','0000-00-00','Monthly','Bank',1,1),('010420131090','',79,6,197,'2022-02-03','0000-00-00','0000-00-00','0000-00-00','0000-00-00','Monthly','Bank',0,1),('010427-07-0411','',19,6,51,'2023-06-01','0000-00-00','0000-00-00','0000-00-00','0000-00-00','Monthly','Bank',0,1),('010429101074','',24,6,61,'2022-03-28','0000-00-00','0000-00-00','0000-00-00','0000-00-00','Monthly','Bank',0,1),('010501110080','',20,6,52,'2022-10-19','0000-00-00','0000-00-00','0000-00-00','0000-00-00','Monthly','Bank',0,1),('010502011308','DSA',85,20,206,'2023-02-17','0000-00-00','2025-06-30','0000-00-00','0000-00-00','Monthly','Bank',0,1),('010503140603','Dental Associate(GAP)',82,21,203,'2025-09-12','0000-00-00','0000-00-00','0000-00-00','0000-00-00','Monthly','Bank',1,1),('010512140744','',17,21,49,'2022-05-11','0000-00-00','2025-04-02','0000-00-00','0000-00-00','Monthly','Bank',1,1),('010524011608','DSA',92,20,213,'2022-03-28','0000-00-00','0000-00-00','0000-00-00','0000-00-00','Monthly','Bank',1,1),('010604010920','',91,6,212,'2023-09-19','0000-00-00','0000-00-00','0000-00-00','0000-00-00','Monthly','Bank',0,1),('010617010874','',31,6,66,'2023-12-21','0000-00-00','0000-00-00','0000-00-00','2023-12-21','Monthly','Bank',0,1),('010622140200','',82,6,203,'2023-04-12','0000-00-00','0000-00-00','0000-00-00','0000-00-00','Monthly','Bank',0,1),('010628011864','DSA',92,6,213,'2023-10-01','0000-00-00','0000-00-00','0000-00-00','0000-00-00','Monthly','Bank',1,1),('010628080448','Dental Surgery Assistant',23,6,60,'2024-07-18','0000-00-00','0000-00-00','0000-00-00','0000-00-00','Monthly','Bank',1,1),('010629050136','',109,6,232,'2023-05-24','0000-00-00','0000-00-00','0000-00-00','0000-00-00','Monthly','Bank',0,1),('010711100278','',83,6,204,'2023-07-27','0000-00-00','0000-00-00','0000-00-00','0000-00-00','Monthly','Bank',0,1),('010713010786','JR.ACCOUNTS EXECUTIVE',18,8,50,'2024-07-09','0000-00-00','0000-00-00','0000-00-00','0000-00-00','Monthly','Bank',1,0),('010718130066','',31,6,66,'2022-12-12','0000-00-00','0000-00-00','0000-00-00','0000-00-00','Monthly','Bank',0,1),('010721010292','ACCOUNTS ASSISTANT',18,8,50,'2022-06-16','0000-00-00','0000-00-00','2022-09-16','0000-00-00','Monthly','Bank',1,1),('010807010330','',85,6,206,'2022-07-01','0000-00-00','0000-00-00','0000-00-00','0000-00-00','Monthly','Bank',0,1),('010809080746','',104,21,225,'2023-01-02','0000-00-00','0000-00-00','0000-00-00','0000-00-00','Monthly','Bank',0,1),('010811020654','DSA',20,6,52,'2020-12-03','0000-00-00','2021-08-24','0000-00-00','0000-00-00','Monthly','Bank',0,1),('010829010964  ','',92,6,213,'2022-12-26','0000-00-00','0000-00-00','0000-00-00','0000-00-00','Monthly','Bank',0,1),('010831050236','DENTAL ASSOCIATE',101,20,231,'2024-05-06','0000-00-00','2024-12-15','2024-05-06','0000-00-00','Monthly','Bank',0,1),('010901010046','',80,6,201,'2023-09-20','0000-00-00','0000-00-00','0000-00-00','0000-00-00','Monthly','Bank',0,1),('010917010462','',85,6,206,'2022-07-25','0000-00-00','0000-00-00','0000-00-00','0000-00-00','Monthly','Bank',0,1),('010927050388','Dental Surgery Assistant',86,21,207,'2025-03-01','0000-00-00','0000-00-00','0000-00-00','0000-00-00','Monthly','Bank',1,1),('011011050454','',109,6,232,'2022-08-01','0000-00-00','0000-00-00','0000-00-00','0000-00-00','Monthly','Bank',0,1),('011020010606','',85,6,206,'2022-10-06','0000-00-00','0000-00-00','0000-00-00','0000-00-00','Monthly','Bank',0,1),('011025101558','',106,6,227,'2022-06-27','0000-00-00','0000-00-00','0000-00-00','0000-00-00','Monthly','Bank',0,1),('011104030188','',20,21,52,'2023-07-03','0000-00-00','0000-00-00','0000-00-00','0000-00-00','Monthly','Bank',1,1),('011109010370','Dental Associate(GAP)',93,21,214,'2025-10-09','0000-00-00','0000-00-00','0000-00-00','0000-00-00','Monthly','Bank',1,1),('011110081328','',81,6,202,'2023-05-25','0000-00-00','0000-00-00','0000-00-00','0000-00-00','Monthly','Bank',0,1),('011124080924','DSA',102,6,223,'2021-07-29','0000-00-00','0000-00-00','0000-00-00','0000-00-00','Monthly','Bank',0,1),('011211040381','Associate QA Engineer',227,7,215,'2023-10-11','0000-00-00','0000-00-00','2023-11-10','0000-00-00','Monthly','Bank',1,1),('011226100068','',92,6,213,'2023-08-01','0000-00-00','0000-00-00','0000-00-00','0000-00-00','Monthly','Bank',0,1),('014-307 7215','DSA',87,21,208,'2022-06-01','0000-00-00','0000-00-00','0000-00-00','0000-00-00','Monthly','Bank',0,1),('020110101178','Dental Surgery Assistant',85,20,206,'2025-10-16','0000-00-00','0000-00-00','0000-00-00','0000-00-00','Monthly','Bank',1,1),('020114101976','',87,6,208,'2022-08-22','0000-00-00','0000-00-00','0000-00-00','0000-00-00','Monthly','Bank',0,1),('020228040286','Dental Surgery Assistant',100,6,220,'2025-08-01','0000-00-00','0000-00-00','0000-00-00','0000-00-00','Monthly','Bank',1,1),('020321010903','IT SUPPORT SPECIALIST',94,7,215,'2023-10-16','0000-00-00','0000-00-00','2023-11-15','0000-00-00','Monthly','Bank',1,1),('020406100350','DSA',83,6,204,'2021-03-01','0000-00-00','2021-09-30','0000-00-00','0000-00-00','Monthly','Bank',0,1),('020429050368','DSA',17,6,49,'2024-01-02','0000-00-00','0000-00-00','0000-00-00','0000-00-00','Monthly','Bank',1,1),('020512100282','',86,6,207,'2022-12-01','0000-00-00','0000-00-00','0000-00-00','0000-00-00','Monthly','Bank',0,1),('020523101686','',102,6,223,'2022-11-07','0000-00-00','0000-00-00','0000-00-00','0000-00-00','Monthly','Bank',0,1),('020524141508','',82,21,203,'2024-04-24','0000-00-00','0000-00-00','0000-00-00','0000-00-00','Monthly','Bank',1,1),('020616140684','',107,21,228,'2022-03-17','0000-00-00','0000-00-00','0000-00-00','0000-00-00','Monthly','Bank',1,1),('020623081352','DSA',99,6,219,'2020-09-29','0000-00-00','2021-10-31','2021-01-01','0000-00-00','Monthly','Bank',0,1),('020707-01-0092','',26,20,62,'2024-01-01','0000-00-00','0000-00-00','0000-00-00','0000-00-00','Monthly','Bank',1,1),('020712040296','',32,6,68,'2022-09-30','0000-00-00','0000-00-00','0000-00-00','0000-00-00','Monthly','Bank',1,1),('020713011286','',108,6,229,'2024-05-13','0000-00-00','0000-00-00','0000-00-00','0000-00-00','Monthly','Bank',1,1),('020729100216','',86,6,207,'2023-10-01','0000-00-00','0000-00-00','0000-00-00','0000-00-00','Monthly','Bank',0,1),('020730040118','Dental Surgery Assistant',83,21,204,'2025-10-11','0000-00-00','0000-00-00','0000-00-00','0000-00-00','Monthly','Bank',1,1),('020820011783','DSA',29,20,67,'2020-03-11','0000-00-00','2025-09-30','0000-00-00','0000-00-00','Monthly','Bank',1,1),('020830050292','',86,21,207,'2024-01-02','0000-00-00','0000-00-00','0000-00-00','0000-00-00','Monthly','Bank',1,1),('020910100042','Dental Surgery Assistant',103,21,224,'2024-12-06','0000-00-00','0000-00-00','0000-00-00','0000-00-00','Monthly','Bank',0,1),('020914040200','DSA',32,6,68,'2021-05-20','0000-00-00','2022-01-31','2021-08-01','0000-00-00','Monthly','Bank',0,1),('021007070582','Dental Surgery Assistant',30,20,65,'2024-12-05','0000-00-00','2025-05-11','0000-00-00','0000-00-00','Monthly','Bank',0,1),('021009101012','DSA',103,6,224,'2021-11-10','0000-00-00','0000-00-00','0000-00-00','0000-00-00','Monthly','Bank',0,1),('021101011976','',19,21,51,'2023-10-17','0000-00-00','0000-00-00','0000-00-00','0000-00-00','Monthly','Bank',1,1),('021106141198','',105,6,226,'2022-11-03','0000-00-00','0000-00-00','0000-00-00','0000-00-00','Monthly','Bank',0,1),('021107010050','Dental Surgery Assistant',99,20,230,'2025-09-04','0000-00-00','0000-00-00','0000-00-00','0000-00-00','Monthly','Bank',1,0),('021107011176','',114,20,208,'2024-11-21','0000-00-00','0000-00-00','0000-00-00','0000-00-00','Monthly','Bank',1,1),('021117141070','Dental Surgery Assistant',24,21,61,'2025-01-16','0000-00-00','0000-00-00','0000-00-00','0000-00-00','Monthly','Bank',1,1),('021221140190','',110,6,233,'2022-08-29','0000-00-00','0000-00-00','0000-00-00','0000-00-00','Monthly','Bank',1,1),('030108101522','DSA',19,6,51,'2021-07-27','0000-00-00','0000-00-00','0000-00-00','0000-00-00','Monthly','Bank',0,1),('030111100272','',83,6,204,'2022-08-13','0000-00-00','0000-00-00','0000-00-00','0000-00-00','Monthly','Bank',0,1),('030120140014','DSA',84,6,205,'2021-10-16','0000-00-00','0000-00-00','0000-00-00','0000-00-00','Monthly','Bank',0,1),('030127011282','',25,6,59,'2022-12-10','0000-00-00','0000-00-00','0000-00-00','0000-00-00','Monthly','Bank',1,1),('030128050443','JR.ACCOUNTS EXECUTIVE',18,8,50,'2024-04-01','0000-00-00','0000-00-00','0000-00-00','0000-00-00','Monthly','Bank',1,0),('030216100391','',80,6,201,'2024-08-01','0000-00-00','0000-00-00','0000-00-00','0000-00-00','Monthly','Bank',1,1),('030314080304','',25,6,59,'2023-11-18','0000-00-00','0000-00-00','0000-00-00','0000-00-00','Monthly','Bank',1,1),('030328040258','Dental Surgery Assistant',23,6,60,'2024-07-22','0000-00-00','0000-00-00','0000-00-00','0000-00-00','Monthly','Bank',1,1),('030428010144','Dental Surgery Assistant',92,20,213,'2025-02-21','0000-00-00','2025-04-06','0000-00-00','0000-00-00','Monthly','Bank',1,1),('030711040488','Dental Surgery Assistant',92,20,213,'2024-11-14','0000-00-00','0000-00-00','0000-00-00','0000-00-00','Monthly','Bank',1,1),('030727101580','',110,21,233,'2024-05-01','0000-00-00','0000-00-00','0000-00-00','0000-00-00','Monthly','Bank',1,1),('030814030864','',20,6,52,'2024-05-06','0000-00-00','0000-00-00','0000-00-00','0000-00-00','Monthly','Bank',1,1),('030821011290','',22,6,57,'2022-09-19','0000-00-00','0000-00-00','0000-00-00','0000-00-00','Monthly','Bank',0,1),('030911010048','',92,6,213,'2023-07-17','0000-00-00','0000-00-00','0000-00-00','0000-00-00','Monthly','Bank',0,1),('030916101862','',20,21,52,'2023-07-04','0000-00-00','0000-00-00','0000-00-00','0000-00-00','Monthly','Bank',1,1),('030926010550','',225,6,1591,'2023-02-20','0000-00-00','0000-00-00','0000-00-00','0000-00-00','Monthly','Bank',1,1),('031015011936','',79,6,197,'2022-09-20','0000-00-00','0000-00-00','0000-00-00','0000-00-00','Monthly','Bank',0,1),('031024060908','',109,6,232,'2023-05-24','0000-00-00','0000-00-00','0000-00-00','0000-00-00','Monthly','Bank',0,1),('031105140424','Dental Surgery Assistant',83,21,204,'2025-08-05','0000-00-00','0000-00-00','0000-00-00','0000-00-00','Monthly','Bank',1,0),('031105141240','',108,6,229,'2022-05-10','0000-00-00','0000-00-00','0000-00-00','0000-00-00','Monthly','Bank',1,1),('031107100434','',91,6,212,'2023-06-13','0000-00-00','0000-00-00','0000-00-00','0000-00-00','Monthly','Bank',0,1),('031121030022','DSA',99,20,230,'2023-07-10','0000-00-00','2025-09-10','0000-00-00','0000-00-00','Monthly','Bank',1,1),('031204010924','',92,6,213,'2022-11-07','0000-00-00','0000-00-00','0000-00-00','0000-00-00','Monthly','Bank',0,1),('031209090070','',82,6,203,'2023-11-22','0000-00-00','0000-00-00','0000-00-00','0000-00-00','Monthly','Bank',0,1),('031216070676','',30,20,65,'2023-09-11','0000-00-00','2024-10-13','0000-00-00','0000-00-00','Monthly','Bank',1,1),('040101050362','',32,6,68,'2022-09-01','0000-00-00','0000-00-00','0000-00-00','0000-00-00','Monthly','Bank',1,0),('040105101534','',83,6,204,'2022-06-01','0000-00-00','0000-00-00','0000-00-00','0000-00-00','Monthly','Bank',0,1),('040114141036','',81,6,202,'2022-09-01','0000-00-00','0000-00-00','0000-00-00','0000-00-00','Monthly','Bank',0,1),('040128140384','',81,6,202,'2023-02-06','0000-00-00','0000-00-00','0000-00-00','0000-00-00','Monthly','Bank',0,1),('040219010868','Dental Surgery Assistant',95,20,216,'2025-10-30','0000-00-00','0000-00-00','0000-00-00','0000-00-00','Monthly','Bank',1,0),('040225140570','',84,6,205,'2022-09-12','0000-00-00','0000-00-00','0000-00-00','0000-00-00','Monthly','Bank',1,1),('040312011064','Dental Surgery Assistant',29,20,67,'2025-10-02','0000-00-00','0000-00-00','0000-00-00','0000-00-00','Monthly','Bank',1,1),('040401-03-0558','',105,6,226,'2023-07-18','0000-00-00','0000-00-00','0000-00-00','0000-00-00','Monthly','Bank',0,1),('040506050096','ACCOUNTS ASSISTANT',18,8,50,'2023-10-02','0000-00-00','0000-00-00','0000-00-00','0000-00-00','Monthly','Bank',1,1),('040508101344','',86,6,207,'2023-02-18','0000-00-00','0000-00-00','0000-00-00','0000-00-00','Monthly','Bank',0,1),('040511050082','',109,6,232,'2022-07-07','0000-00-00','0000-00-00','0000-00-00','0000-00-00','Monthly','Bank',0,1),('040529010986','Dental Surgery Assistant',21,20,55,'2025-06-12','0000-00-00','0000-00-00','0000-00-00','0000-00-00','Monthly','Bank',1,1),('040608141044','',81,6,202,'2022-09-12','0000-00-00','0000-00-00','0000-00-00','0000-00-00','Monthly','Bank',0,1),('040910011742','Dental Surgery Assistant',31,20,66,'2024-10-07','0000-00-00','0000-00-00','0000-00-00','0000-00-00','Monthly','Bank',1,1),('040920121400','',79,6,197,'2023-04-01','0000-00-00','0000-00-00','0000-00-00','0000-00-00','Monthly','Bank',0,1),('041125050484','',101,6,231,'2024-03-01','0000-00-00','0000-00-00','0000-00-00','0000-00-00','Monthly','Bank',0,1),('041212101112','',104,6,225,'2022-05-09','0000-00-00','0000-00-00','0000-00-00','0000-00-00','Monthly','Bank',0,1),('050221101442','Dental Surgery Assistant',90,21,211,'2025-10-04','0000-00-00','0000-00-00','0000-00-00','0000-00-00','Monthly','Bank',1,1),('050406101078','',83,6,204,'2023-04-10','0000-00-00','0000-00-00','0000-00-00','0000-00-00','Monthly','Bank',0,1),('050429010646','',78,20,196,'2024-04-22','0000-00-00','0000-00-00','0000-00-00','0000-00-00','Monthly','Bank',1,1),('050510050370','Dental Surgery Assistant',90,21,211,'2025-04-26','0000-00-00','0000-00-00','0000-00-00','0000-00-00','Monthly','Bank',1,0),('050526010576','DA',78,6,196,'2024-02-19','0000-00-00','2024-06-15','0000-00-00','0000-00-00','Monthly','Bank',1,1),('050528080906','',30,6,65,'2023-04-01','0000-00-00','0000-00-00','0000-00-00','0000-00-00','Monthly','Bank',0,1),('050609050370','Dental Surgery Assistant',90,21,211,'2025-08-07','0000-00-00','0000-00-00','0000-00-00','0000-00-00','Monthly','Bank',1,1),('050903141070','',84,21,205,'2024-05-06','0000-00-00','0000-00-00','0000-00-00','0000-00-00','Monthly','Bank',1,1),('050906011634','',86,21,207,'2025-03-07','0000-00-00','0000-00-00','0000-00-00','0000-00-00','Monthly','Bank',1,1),('051017140748','',20,6,52,'2023-03-17','0000-00-00','0000-00-00','0000-00-00','0000-00-00','Monthly','Bank',0,1),('051107101056','',103,6,224,'2024-01-02','0000-00-00','0000-00-00','0000-00-00','0000-00-00','Monthly','Bank',0,1),('051116100274','',20,6,52,'2024-03-20','0000-00-00','0000-00-00','0000-00-00','0000-00-00','Monthly','Bank',1,1),('060116011524','Dental Surgery Assistant',31,20,66,'2025-03-20','0000-00-00','0000-00-00','0000-00-00','0000-00-00','Monthly','Bank',1,1),('060306140298','',90,6,211,'2024-03-18','0000-00-00','0000-00-00','0000-00-00','0000-00-00','Monthly','Bank',1,1),('060312070126','',26,6,62,'2024-03-25','0000-00-00','0000-00-00','0000-00-00','0000-00-00','Monthly','Bank',1,1),('060421010739','',26,20,62,'2024-03-25','0000-00-00','0000-00-00','0000-00-00','0000-00-00','Monthly','Bank',1,1),('060716010226','Dental Surgery Assistant',95,20,216,'2025-10-30','0000-00-00','0000-00-00','0000-00-00','0000-00-00','Monthly','Bank',1,0),('060929010078','Dental Surgery Assistant',96,20,217,'2025-02-11','0000-00-00','0000-00-00','0000-00-00','0000-00-00','Monthly','Bank',1,0),('070628100546','Dental Surgery Assistant',103,21,224,'2025-09-04','0000-00-00','0000-00-00','0000-00-00','0000-00-00','Monthly','Bank',1,1),('3000','',17,6,47,'2010-08-01','0000-00-00','0000-00-00','2018-11-06','0000-00-00','Monthly','Bank',1,0),('491227105448 ','DENTAL SURGERY ASSISTANT',28,6,64,'2017-07-01','0000-00-00','0000-00-00','0000-00-00','0000-00-00','Monthly','Bank',0,1),('610806106137','DOCTOR',28,6,64,'2017-07-01','0000-00-00','0000-00-00','0000-00-00','0000-00-00','Monthly','Bank',1,1),('630131015234','DOCTOR IN-CHARGE',25,6,59,'2014-05-02','0000-00-00','0000-00-00','0000-00-00','0000-00-00','Monthly','Bank',1,1),('640928107055','BUSINESS DEVELOPMENT MANAGER',18,10,50,'2013-09-01','0000-00-00','0000-00-00','2013-12-01','0000-00-00','Monthly','Bank',1,1),('681230105331','CEO',18,10,50,'1997-01-01','0000-00-00','0000-00-00','0000-00-00','0000-00-00','Monthly','Bank',1,1),('690812015760','',93,6,214,'2022-09-01','0000-00-00','0000-00-00','0000-00-00','0000-00-00','Monthly','Bank',0,1),('700328105250','GROUP FINANCE MANAGER',18,8,50,'2013-03-18','0000-00-00','0000-00-00','2013-03-18','0000-00-00','Monthly','Bank',1,0),('710326106216','FC',18,10,50,'2000-01-01','0000-00-00','0000-00-00','0000-00-00','0000-00-00','Monthly','Bank',1,1),('711114085796','Dental Associate',26,20,62,'2024-10-07','0000-00-00','2024-10-31','0000-00-00','0000-00-00','Monthly','Bank',1,1),('720116145179','PRODUCT OWNER',227,7,215,'2021-09-27','0000-00-00','2022-07-10','0000-00-00','0000-00-00','Monthly','Bank',0,0),('720323135459','MID PHP PROGRAMMER',228,7,215,'2022-07-01','0000-00-00','0000-00-00','2022-10-01','0000-00-00','Monthly','Bank',1,0),('740518125355','',18,7,50,'2019-03-01','0000-00-00','2023-12-31','0000-00-00','0000-00-00','Monthly','Bank',1,1),('740904105512','AREA MANAGER',19,21,51,'2013-04-22','2017-01-01','0000-00-00','2013-07-22','0000-00-00','Monthly','Bank',1,0),('741010-10-5702','',80,21,201,'2023-06-17','0000-00-00','2024-09-30','0000-00-00','0000-00-00','Monthly','Bank',1,1),('750731145880','SENIOR ACCOUNTS EXECUTIVE',18,8,50,'2017-01-01','0000-00-00','0000-00-00','2017-01-01','0000-00-00','Monthly','Bank',1,1),('760106026068','',103,21,224,'2023-12-12','0000-00-00','2024-11-26','0000-00-00','0000-00-00','Monthly','Bank',1,1),('760429085396','DENTAL ASSOCIATE',225,20,1591,'2024-04-15','0000-00-00','0000-00-00','0000-00-00','0000-00-00','Monthly','Bank',1,0),('760429115022','DSA',95,6,216,'2020-04-10','0000-00-00','0000-00-00','0000-00-00','0000-00-00','Monthly','Bank',1,1),('760518145848','ACCOUNTS EXECUTIVE',18,8,50,'2019-07-01','0000-00-00','0000-00-00','0000-00-00','0000-00-00','Monthly','Bank',1,1),('761028086106','AREA MANAGER',109,21,232,'2017-07-06','0000-00-00','0000-00-00','2017-10-01','0000-00-00','Monthly','Bank',1,1),('761107145397','GROUP GENERAL MANAGER',18,10,50,'2013-09-23','0000-00-00','0000-00-00','2013-09-23','0000-00-00','Monthly','Bank',1,0),('770505045564','Dental Surgery Assistant',104,21,225,'2025-05-15','0000-00-00','0000-00-00','0000-00-00','0000-00-00','Monthly','Bank',1,1),('770620136090','SR.ACCOUNTS EXECUTIVE',18,8,50,'2019-07-08','0000-00-00','0000-00-00','0000-00-00','0000-00-00','Monthly','Bank',1,1),('771024045496','DOCTOR IN-CHARGE',23,6,60,'2014-05-02','0000-00-00','0000-00-00','0000-00-00','0000-00-00','Monthly','Bank',1,1),('771102136132','SENIOR PHP PROGRAMMER',228,7,215,'2022-04-28','0000-00-00','0000-00-00','2022-08-01','0000-00-00','Monthly','Bank',1,0),('771126146132','SENIOR DENTAL SURGERY ASSISTANT',19,21,51,'2014-10-01','0000-00-00','0000-00-00','2015-01-01','0000-00-00','Monthly','Bank',1,0),('771210135743','MID PHP PROGRAMMER',228,7,215,'2022-04-18','0000-00-00','0000-00-00','2022-07-18','0000-00-00','Monthly','Bank',1,0),('780127016350','DENTAL SURGERY ASSISTANT IN-CHARGE',78,6,196,'2018-07-01','0000-00-00','2021-07-01','2018-07-01','0000-00-00','Monthly','Bank',0,1),('780716045344','',23,6,60,'2017-01-16','0000-00-00','0000-00-00','2017-05-01','0000-00-00','Monthly','Bank',1,1),('780803095008','QUALITY ASSURANCE ENGINEER',94,7,215,'2021-12-01','0000-00-00','0000-00-00','0000-00-00','0000-00-00','Monthly','Bank',1,1),('780914045222','DENTIST',23,6,60,'2017-03-01','0000-00-00','0000-00-00','0000-00-00','0000-00-00','Monthly','Bank',1,1),('780929145146','PURCHASE/ADMIN',18,7,50,'2017-07-24','0000-00-00','0000-00-00','0000-00-00','0000-00-00','Monthly','Bank',1,1),('781112015632','ACCOUNTS EXECUTIVE',18,8,50,'2018-08-06','0000-00-00','2018-12-31','2018-11-06','0000-00-00','Monthly','Bank',1,1),('781219045196','',32,6,68,'2023-08-01','0000-00-00','0000-00-00','0000-00-00','0000-00-00','Monthly','Bank',1,1),('790109055224','',101,6,231,'2023-05-22','0000-00-00','0000-00-00','0000-00-00','0000-00-00','Monthly','Bank',0,1),('790322145798','DSA',82,6,203,'2019-11-18','0000-00-00','2021-05-01','0000-00-00','0000-00-00','Monthly','Bank',0,1),('791130015678','DENTAL ASSOCIATE',95,20,216,'2024-05-15','0000-00-00','2025-05-03','0000-00-00','0000-00-00','Monthly','Bank',0,1),('800427025270','SENIOR DENTAL SURGERY ASSISTANT',20,6,52,'2017-04-17','0000-00-00','0000-00-00','2017-07-01','0000-00-00','Monthly','Bank',1,1),('810401126160','',85,6,206,'2023-05-15','0000-00-00','0000-00-00','0000-00-00','0000-00-00','Monthly','Bank',0,1),('810707015455','MID PHP PROGRAMMER',94,7,215,'2022-03-21','0000-00-00','0000-00-00','2022-06-21','0000-00-00','Monthly','Bank',1,0),('810810016536','',93,21,214,'2022-09-12','0000-00-00','0000-00-00','0000-00-00','0000-00-00','Monthly','Bank',1,1),('811124105242','',18,8,50,'2023-05-02','0000-00-00','0000-00-00','0000-00-00','0000-00-00','Monthly','Bank',1,1),('811231055308','DENTIST',25,6,59,'2014-07-01','0000-00-00','0000-00-00','0000-00-00','0000-00-00','Monthly','Bank',1,1),('820201045197','ADMIN ASSISTANT',18,7,50,'2021-06-01','0000-00-00','0000-00-00','0000-00-00','0000-00-00','Monthly','Bank',1,1),('820424085874','',28,6,64,'2018-06-01','0000-00-00','0000-00-00','0000-00-00','0000-00-00','Monthly','Bank',0,1),('821003015856','',21,6,55,'2023-08-07','0000-00-00','0000-00-00','0000-00-00','0000-00-00','Monthly','Bank',0,1),('821022016643','PROJECT MANAGER',94,7,215,'2022-03-01','0000-00-00','2023-03-15','2022-06-01','0000-00-00','Monthly','Bank',0,0),('830404135263','SENIOR PHP PROGRAMMER',228,7,215,'2022-04-18','0000-00-00','0000-00-00','2022-07-18','0000-00-00','Monthly','Bank',1,0),('830426-14-5083','CHIEF TECHNOLOGY OFFICER',18,10,50,'2025-03-01','0000-00-00','0000-00-00','0000-00-00','0000-00-00','Monthly','Bank',1,0),('830426145083','CHIEF SOLUTION OFFICER',227,7,215,'2021-10-15','0000-00-00','0000-00-00','2021-11-01','0000-00-00','Monthly','Bank',1,0),('830520016448','DOCTOR IN-CHARGE',21,6,55,'2011-11-01','0000-00-00','0000-00-00','0000-00-00','0000-00-00','Monthly','Bank',1,1),('830604135495','MID PHP PROGRAMMER',228,7,215,'2022-06-07','0000-00-00','0000-00-00','2022-09-07','0000-00-00','Monthly','Bank',1,0),('830609015118','DSA',86,21,207,'2020-02-24','0000-00-00','0000-00-00','0000-00-00','0000-00-00','Monthly','Bank',1,1),('830906085104','',79,6,197,'2022-06-01','0000-00-00','0000-00-00','0000-00-00','0000-00-00','Monthly','Bank',0,1),('831022075220','QUALITY ASSURANCE ENGINEER II',227,7,215,'2023-04-03','0000-00-00','0000-00-00','2023-05-08','0000-00-00','Monthly','Bank',1,0),('831122105650','DSA',24,6,61,'2020-03-09','0000-00-00','0000-00-00','0000-00-00','0000-00-00','Monthly','Bank',1,1),('831229035592','',83,21,204,'2025-08-30','0000-00-00','0000-00-00','0000-00-00','0000-00-00','Monthly','Bank',1,1),('840112015162','DSA',31,6,66,'2022-02-19','0000-00-00','0000-00-00','0000-00-00','0000-00-00','Monthly','Bank',0,1),('840316016335','SENIOR PROGRAMMER',227,7,215,'2019-12-01','0000-00-00','0000-00-00','0000-00-00','0000-00-00','Monthly','Bank',1,0),('840507145340','ASSISTANT HR MANAGER',18,7,50,'2025-03-03','0000-00-00','0000-00-00','0000-00-00','0000-00-00','Monthly','Bank',1,0),('840604045384','SENIOR DENTAL SURGERY ASSISTANT',25,6,59,'2014-05-02','0000-00-00','0000-00-00','2014-05-02','0000-00-00','Monthly','Bank',1,0),('840827055256','DENTAL SURGERY ASSISTANT',23,6,60,'2017-04-03','0000-00-00','0000-00-00','2017-05-01','0000-00-00','Monthly','Bank',1,1),('840908105729','Marketing Manager',18,9,50,'2022-05-23','0000-00-00','2022-09-30','0000-00-00','0000-00-00','Monthly','Bank',1,1),('841210135453','MID PHP PROGRAMMER',228,7,215,'2022-06-07','0000-00-00','0000-00-00','2022-09-07','0000-00-00','Monthly','Bank',1,0),('850304045410','JR.ACCOUNTS EXECUTIVE',18,8,50,'2021-07-01','0000-00-00','0000-00-00','0000-00-00','0000-00-00','Monthly','Bank',1,1),('850519145566','DOCTOR IN-CHARGE',20,6,52,'2013-01-01','0000-00-00','0000-00-00','0000-00-00','0000-00-00','Monthly','Bank',1,1),('851128146216','',85,6,206,'2022-02-05','0000-00-00','0000-00-00','0000-00-00','0000-00-00','Monthly','Bank',0,1),('851129135148','SENIOR MOBILE DEVELOPER',228,7,215,'2022-12-05','0000-00-00','0000-00-00','2023-06-01','0000-00-00','Monthly','Bank',1,1),('860129155004','UI/UX DESIGNER',227,7,215,'2021-03-01','0000-00-00','2023-09-20','0000-00-00','0000-00-00','Monthly','Bank',1,0),('860224385262','DSA IN-CHARGE',79,6,197,'2018-08-01','0000-00-00','2022-03-05','0000-00-00','0000-00-00','Monthly','Bank',0,1),('860430295866','',26,6,62,'2023-05-02','0000-00-00','0000-00-00','0000-00-00','0000-00-00','Monthly','Bank',0,1),('860519386828','',102,6,223,'2022-11-07','0000-00-00','0000-00-00','0000-00-00','0000-00-00','Monthly','Bank',0,1),('860702495424','HR  ADMIN MANAGER',18,7,50,'2022-04-01','0000-00-00','0000-00-00','0000-00-00','0000-00-00','Monthly','Bank',0,1),('860715235146','DSA',31,6,66,'2021-06-10','0000-00-00','0000-00-00','0000-00-00','0000-00-00','Monthly','Bank',0,1),('860808355358','SENIOR MOBILE DEVELOPER',227,7,215,'2022-05-17','0000-00-00','0000-00-00','2022-08-17','0000-00-00','Monthly','Bank',1,0),('861012355218','DSA',106,6,227,'2019-05-02','0000-00-00','0000-00-00','0000-00-00','0000-00-00','Monthly','Bank',1,1),('861025565724','',87,6,208,'2019-08-26','0000-00-00','2020-11-01','0000-00-00','0000-00-00','Monthly','Bank',1,1),('861101435332','',18,8,50,'2019-10-30','0000-00-00','0000-00-00','0000-00-00','0000-00-00','Monthly','Bank',1,1),('861113236816','ACCOUNTS EXECUTIVE',18,8,50,'2023-12-18','0000-00-00','0000-00-00','0000-00-00','0000-00-00','Monthly','Bank',1,1),('861117355177','',18,7,50,'2025-09-01','0000-00-00','0000-00-00','0000-00-00','0000-00-00','Monthly','Bank',1,1),('861120295849','DENTIST',17,6,49,'2015-02-02','0000-00-00','0000-00-00','0000-00-00','0000-00-00','Monthly','Bank',1,1),('861222335012','',93,6,214,'2023-11-17','0000-00-00','0000-00-00','0000-00-00','0000-00-00','Monthly','Bank',1,1),('870202115578','DOCTOR IN-CHARGE',22,6,57,'2014-03-03','0000-00-00','0000-00-00','0000-00-00','0000-00-00','Monthly','Bank',1,1),('870505565138','Dental Surgery Assistant',93,21,214,'2024-12-02','0000-00-00','2025-02-12','0000-00-00','0000-00-00','Monthly','Bank',1,1),('870612526775','TECH LEAD',228,7,215,'2022-04-11','0000-00-00','0000-00-00','2022-06-15','0000-00-00','Monthly','Bank',1,0),('870714145025','DENTIST',22,6,57,'2015-02-02','0000-00-00','0000-00-00','0000-00-00','0000-00-00','Monthly','Bank',1,1),('870929105127','',20,6,52,'2017-03-15','0000-00-00','0000-00-00','0000-00-00','0000-00-00','Monthly','Bank',1,1),('871018035185','DENTIST',22,6,57,'2016-02-01','0000-00-00','0000-00-00','0000-00-00','0000-00-00','Monthly','Bank',1,1),('871103045038','Dental Associate',91,20,212,'2024-04-15','0000-00-00','0000-00-00','0000-00-00','0000-00-00','Monthly','Bank',1,0),('880108125170','ADMIN ASSISTANT',18,7,50,'2023-03-21','0000-00-00','0000-00-00','0000-00-00','0000-00-00','Monthly','Bank',1,0),('880129-12-5866','',102,21,223,'2023-07-26','0000-00-00','2025-06-04','0000-00-00','0000-00-00','Monthly','Bank',1,1),('880303235412','',26,20,62,'2023-07-25','0000-00-00','0000-00-00','0000-00-00','0000-00-00','Monthly','Bank',1,1),('880405035518','DSA',26,6,62,'2020-02-25','0000-00-00','0000-00-00','0000-00-00','0000-00-00','Monthly','Bank',1,1),('880519235040','',78,20,196,'2018-07-01','0000-00-00','0000-00-00','2018-07-01','0000-00-00','Monthly','Bank',1,1),('880807235344','DSA',89,6,210,'2019-07-15','0000-00-00','0000-00-00','0000-00-00','0000-00-00','Monthly','Bank',0,1),('880902565106','Dental Surgery Assistant',90,21,211,'2025-02-24','0000-00-00','0000-00-00','0000-00-00','0000-00-00','Monthly','Bank',1,1),('880913065844','',82,21,203,'2023-12-21','0000-00-00','2024-10-30','0000-00-00','0000-00-00','Monthly','Bank',1,1),('881008055114','',109,20,232,'2023-03-16','0000-00-00','0000-00-00','0000-00-00','0000-00-00','Monthly','Bank',1,1),('881008435360','',18,7,50,'2015-09-21','0000-00-00','2018-08-06','2015-12-21','0000-00-00','Monthly','Bank',0,0),('881210435444','',80,6,201,'2021-06-01','0000-00-00','0000-00-00','0000-00-00','0000-00-00','Monthly','Bank',0,1),('890308105456 ','BUSINESS DEVELOPMENT EXECUTIVE',18,7,50,'2022-11-01','0000-00-00','0000-00-00','0000-00-00','0000-00-00','Monthly','Bank',0,1),('890409126184','SENIOR DSA',20,6,52,'2018-07-23','0000-00-00','0000-00-00','0000-00-00','0000-00-00','Monthly','Bank',0,1),('890421016244','AREA MANAGER',21,20,55,'2012-10-01','2016-06-01','0000-00-00','2013-01-01','0000-00-00','Monthly','Bank',1,0),('890525435056','',93,6,214,'2023-06-19','0000-00-00','0000-00-00','0000-00-00','0000-00-00','Monthly','Bank',0,1),('890604016052','SENIOR DENTAL SURGERY ASSISTANT',22,6,57,'2017-07-10','0000-00-00','2020-09-05','2017-10-01','0000-00-00','Monthly','Bank',1,1),('890608015356','DOCTOR IN-CHARGE',26,6,62,'2016-04-01','0000-00-00','0000-00-00','0000-00-00','0000-00-00','Monthly','Bank',1,1),('890617035842','ADMIN ASSISTANT',18,7,50,'2019-07-01','0000-00-00','0000-00-00','0000-00-00','0000-00-00','Monthly','Bank',1,1),('891028015434','',94,7,215,'2021-06-07','0000-00-00','0000-00-00','0000-00-00','0000-00-00','Monthly','Bank',1,0),('891103115778','Dental Surgery Assistant',103,21,224,'2025-02-13','0000-00-00','0000-00-00','0000-00-00','0000-00-00','Monthly','Bank',1,1),('891201016028','ACCOUNT ASSISTANT',18,8,50,'2018-04-24','0000-00-00','2020-08-31','2018-08-01','0000-00-00','Monthly','Bank',1,1),('891219146496','MARKETING AND COMMUNICATION MANAGER',18,9,50,'2025-07-16','0000-00-00','0000-00-00','0000-00-00','0000-00-00','Monthly','Bank',1,0),('900106146117','',86,6,207,'2023-11-01','0000-00-00','0000-00-00','0000-00-00','0000-00-00','Monthly','Bank',0,1),('900113146166','DOCTOR IN-CHARGE',24,6,61,'2017-01-02','0000-00-00','0000-00-00','0000-00-00','0000-00-00','Monthly','Bank',1,1),('900120136695','ASSISTANT QA MANAGER',227,7,215,'2023-01-09','0000-00-00','2023-03-03','0000-00-00','0000-00-00','Monthly','Bank',0,0),('900213145160','',84,6,205,'2023-07-03','0000-00-00','0000-00-00','0000-00-00','0000-00-00','Monthly','Bank',1,1),('900510105392 ','',80,6,201,'2022-10-10','0000-00-00','0000-00-00','0000-00-00','0000-00-00','Monthly','Bank',0,1),('900603145908','LEGAL AND BUSINESS DEVELOPMENT EXECUTIVE',18,7,50,'2018-11-21','0000-00-00','0000-00-00','0000-00-00','0000-00-00','Monthly','Bank',1,0),('900617105448','DSA',20,6,52,'2019-05-27','0000-00-00','0000-00-00','0000-00-00','0000-00-00','Monthly','Bank',1,1),('900813016370','',18,8,50,'2018-01-01','0000-00-00','0000-00-00','0000-00-00','0000-00-00','Monthly','Bank',1,1),('900904015808','SR.ACCOUNTS EXECUTIVE',18,8,50,'2022-06-27','0000-00-00','0000-00-00','0000-00-00','0000-00-00','Monthly','Bank',1,1),('901126126273','MID-LEVEL PHP DEVELOPER',229,7,215,'2021-12-01','0000-00-00','0000-00-00','0000-00-00','0000-00-00','Monthly','Bank',1,0),('901205016320','DENTAL SURGERY ASSISTANT IN-CHARGE',30,6,65,'2016-06-24','0000-00-00','0000-00-00','2016-06-24','0000-00-00','Monthly','Bank',0,0),('901217016176','SR.ACCOUNTS EXECUTIVE',18,8,50,'2018-04-30','0000-00-00','0000-00-00','2018-08-01','0000-00-00','Monthly','Bank',1,1),('910103045432','SENIOR DSA',100,6,220,'2015-09-21','0000-00-00','0000-00-00','2015-12-21','0000-00-00','Monthly','Bank',1,0),('910103146735','LEGAL AND LICENSING MANAGER',18,7,50,'2024-04-01','0000-00-00','0000-00-00','0000-00-00','0000-00-00','Monthly','Bank',1,0),('910129085045','PROGRAMMER',94,7,215,'2019-03-04','0000-00-00','2023-01-31','2019-06-01','0000-00-00','Monthly','Bank',0,0),('910308015085','DENTIST',31,6,66,'2017-10-16','0000-00-00','0000-00-00','0000-00-00','0000-00-00','Monthly','Bank',1,1),('910319105748','',110,6,233,'2024-01-08','0000-00-00','0000-00-00','0000-00-00','0000-00-00','Monthly','Bank',0,1),('910416016966','DENTAL SURGERY ASSISTANT IN-CHARGE',26,6,62,'2011-01-01','2017-01-01','0000-00-00','2011-04-01','0000-00-00','Monthly','Bank',0,0),('910420016360','HR Admin Assistant',231,19,48,'2025-10-21','0000-00-00','0000-00-00','0000-00-00','0000-00-00','Monthly','Bank',1,1),('910429015612','',30,6,65,'2023-06-19','0000-00-00','0000-00-00','0000-00-00','0000-00-00','Monthly','Bank',0,1),('910508145562','',25,6,59,'2018-03-01','0000-00-00','0000-00-00','0000-00-00','0000-00-00','Monthly','Bank',1,1),('910712146394','',110,21,233,'2024-06-04','0000-00-00','0000-00-00','0000-00-00','0000-00-00','Monthly','Bank',1,1),('910919016167','PROGRAMMER',94,7,215,'2020-03-16','0000-00-00','2023-08-23','2020-05-01','0000-00-00','Monthly','Bank',0,0),('910924035338','Dental Surgery Assistant',82,21,203,'2024-11-07','0000-00-00','2025-05-17','0000-00-00','0000-00-00','Monthly','Bank',1,1),('911010105648','ACCOUNTANT',18,8,50,'2017-08-01','0000-00-00','2021-07-26','0000-00-00','0000-00-00','Monthly','Bank',1,1),('911015145083','DENTIST',20,6,52,'2018-01-11','0000-00-00','0000-00-00','0000-00-00','0000-00-00','Monthly','Bank',1,1),('911103016900','DSA',102,6,223,'2021-04-12','0000-00-00','2021-08-01','0000-00-00','0000-00-00','Monthly','Bank',0,1),('911113-01-5514','ASSISTANT HR MANAGER',18,19,50,'2024-05-06','0000-00-00','0000-00-00','0000-00-00','0000-00-00','Monthly','Bank',1,1),('911220015640','SENIOR DENTAL SURGERY ASSISTANT',21,20,55,'2013-10-01','2017-01-01','2025-06-15','2014-01-01','0000-00-00','Monthly','Bank',0,0),('911223016032','AREA MANAGER',26,20,62,'2010-09-19','2016-06-01','0000-00-00','2010-12-19','0000-00-00','Monthly','Bank',1,0),('920101105584','ADMIN ASSISTANT',18,7,50,'2016-10-24','0000-00-00','0000-00-00','2017-01-01','0000-00-00','Monthly','Bank',1,0),('920207075539','MID PHP PROGRAMMER',226,7,215,'2022-06-01','0000-00-00','0000-00-00','2022-09-01','0000-00-00','Monthly','Bank',1,0),('920303-01-5376','',97,6,218,'2022-04-18','0000-00-00','0000-00-00','0000-00-00','0000-00-00','Monthly','Bank',0,1),('920303015376','dsa',32,6,68,'2019-12-06','0000-00-00','0000-00-00','0000-00-00','0000-00-00','Monthly','Bank',1,1),('920520016842','DSA',30,20,65,'2017-10-01','0000-00-00','0000-00-00','0000-00-00','0000-00-00','Monthly','Bank',1,1),('920610015712','SENIOR DENTAL SURGERY ASSISTANT',26,6,62,'2020-07-01','2017-01-01','0000-00-00','0000-00-00','0000-00-00','Monthly','Bank',0,0),('920707045096','Admin  Accounts Executive',18,8,50,'2023-05-08','0000-00-00','0000-00-00','0000-00-00','0000-00-00','Monthly','Bank',1,0),('920718115168','',96,6,217,'2020-02-13','0000-00-00','0000-00-00','0000-00-00','0000-00-00','Monthly','Bank',0,1),('920807025156','SR.ACCOUNTS EXECUTIVE',18,8,50,'2019-08-01','0000-00-00','0000-00-00','0000-00-00','0000-00-00','Monthly','Bank',1,1),('920823105148','JR.ACCOUNTS EXECUTIVE',18,8,50,'2024-03-01','0000-00-00','0000-00-00','0000-00-00','0000-00-00','Monthly','Bank',1,1),('920824086102','',105,6,226,'2022-05-07','0000-00-00','0000-00-00','0000-00-00','0000-00-00','Monthly','Bank',0,1),('920922146332','ACCOUNTANT',18,8,50,'2021-08-16','0000-00-00','0000-00-00','0000-00-00','0000-00-00','Monthly','Bank',1,1),('921020135102','LEGAL AND LICENSING MANAGER',18,7,50,'2021-02-08','0000-00-00','0000-00-00','0000-00-00','0000-00-00','Monthly','Bank',1,1),('921103075686','',93,6,214,'2024-08-14','0000-00-00','0000-00-00','0000-00-00','0000-00-00','Monthly','Bank',1,1),('921206036196','ACCOUNTS ASSISTANT',18,8,50,'2023-07-03','0000-00-00','0000-00-00','0000-00-00','0000-00-00','Monthly','Bank',1,1),('930109145416','DENTAL SURGERY ASSISTANT',24,6,61,'2017-05-16','0000-00-00','2021-05-16','0000-00-00','0000-00-00','Monthly','Bank',0,1),('930110085406','DSA',104,21,225,'2022-03-09','0000-00-00','0000-00-00','0000-00-00','0000-00-00','Monthly','Bank',1,1),('930121015606','DSA',96,20,217,'2020-04-15','0000-00-00','0000-00-00','0000-00-00','0000-00-00','Monthly','Bank',1,1),('930301145248','DENTAL SURGERY ASSISTANT',19,6,51,'2022-01-10','0000-00-00','0000-00-00','0000-00-00','0000-00-00','Monthly','Bank',0,1),('930304045410','',25,6,59,'2020-05-01','0000-00-00','0000-00-00','2020-08-01','0000-00-00','Monthly','Bank',1,1),('930330016162','SOFTWARE DEVELOPER',94,7,215,'2021-04-19','0000-00-00','0000-00-00','0000-00-00','0000-00-00','Monthly','Bank',1,0),('930426015308','',92,6,213,'2020-01-01','0000-00-00','0000-00-00','0000-00-00','0000-00-00','Monthly','Bank',0,1),('930510065391','PROGRAMMER',227,7,215,'2020-03-18','0000-00-00','2023-03-15','2020-07-01','0000-00-00','Monthly','Bank',0,0),('930527065590','DENTAL SURGERY ASSISTANT IN-CHARGE',25,6,59,'2014-05-02','0000-00-00','0000-00-00','2014-05-02','0000-00-00','Monthly','Bank',0,0),('930609065498','ACCOUNTS EXECUTIVE',18,8,50,'2015-03-16','0000-00-00','0000-00-00','2018-09-01','0000-00-00','Monthly','Bank',1,0),('930621015450','',109,6,232,'2023-08-04','0000-00-00','0000-00-00','0000-00-00','0000-00-00','Monthly','Bank',0,1),('930722146716','',82,6,203,'2022-05-25','0000-00-00','0000-00-00','0000-00-00','0000-00-00','Monthly','Bank',0,1),('930809115146','',110,6,233,'2023-12-12','0000-00-00','0000-00-00','0000-00-00','0000-00-00','Monthly','Bank',0,1),('930916135329','MID PHP PROGRAMMER',228,7,215,'2022-06-13','0000-00-00','0000-00-00','2022-09-13','0000-00-00','Monthly','Bank',1,0),('931029105005','CONTRACT ADMIN ASSISTANT',94,7,215,'2019-11-01','0000-00-00','2019-12-31','0000-00-00','0000-00-00','Monthly','Bank',0,1),('931115085813','IT EXECUTIVE',18,7,50,'2019-07-08','0000-00-00','0000-00-00','0000-00-00','0000-00-00','Monthly','Bank',1,1),('931125055204','DSA',101,6,222,'2021-04-05','0000-00-00','0000-00-00','0000-00-00','0000-00-00','Monthly','Bank',0,1),('931209146170','',110,6,233,'2023-07-03','0000-00-00','0000-00-00','0000-00-00','0000-00-00','Monthly','Bank',1,1),('940112016470','',91,20,212,'2023-05-02','0000-00-00','0000-00-00','0000-00-00','0000-00-00','Monthly','Bank',1,1),('940227115428','',109,6,232,'2023-08-04','0000-00-00','0000-00-00','0000-00-00','0000-00-00','Monthly','Bank',0,1),('940303016158','DSA',29,6,67,'2018-10-01','0000-00-00','0000-00-00','0000-00-00','0000-00-00','Monthly','Bank',0,1),('940324145004','PR AND COMMUNICATIONS ASSOCIATE',227,9,215,'2020-07-09','0000-00-00','2020-09-30','0000-00-00','0000-00-00','Monthly','Bank',0,0),('940326085586','DSA',93,6,214,'2021-09-03','0000-00-00','2022-04-01','2021-12-01','0000-00-00','Monthly','Bank',0,1),('940511016232','',29,6,67,'2022-11-01','0000-00-00','2024-03-31','0000-00-00','0000-00-00','Monthly','Bank',0,1),('940525016313','MOBILE DEVELOPER',94,7,215,'2020-06-01','0000-00-00','2023-10-30','0000-00-00','0000-00-00','Monthly','Bank',1,0),('940624015316 ','DENTAL SURGERY ASSISTANT',29,6,67,'2017-05-24','0000-00-00','2021-10-18','0000-00-00','0000-00-00','Monthly','Bank',0,1),('940720025282','',28,6,64,'2023-01-06','0000-00-00','0000-00-00','0000-00-00','0000-00-00','Monthly','Bank',0,1),('940721015094','ACCOUNTS EXECUTIVE',18,8,50,'2024-03-01','0000-00-00','0000-00-00','0000-00-00','0000-00-00','Monthly','Bank',1,1),('940721055424','CONTRACT ADMIN ASSISTANT',94,7,215,'2019-11-04','0000-00-00','2019-12-31','0000-00-00','0000-00-00','Monthly','Bank',0,1),('940805105978 ','',109,6,232,'2022-12-12','0000-00-00','0000-00-00','0000-00-00','0000-00-00','Monthly','Bank',0,1),('940812015620','',225,6,1591,'2023-04-17','0000-00-00','0000-00-00','0000-00-00','0000-00-00','Monthly','Bank',0,1),('940829085078','DENTAL SURGERY ASSISTANT',17,6,49,'2017-12-26','0000-00-00','2022-03-27','2018-04-01','0000-00-00','Monthly','Bank',0,1),('940906146322 ','',24,6,61,'2022-07-20','0000-00-00','0000-00-00','0000-00-00','0000-00-00','Monthly','Bank',0,1),('940907145399','MARKETING EXECUTIVE',18,9,50,'2018-03-12','0000-00-00','2022-05-31','0000-00-00','0000-00-00','Monthly','Bank',1,1),('940910016256 ','',31,6,66,'2018-02-26','0000-00-00','2018-05-23','0000-00-00','0000-00-00','Monthly','Bank',0,1),('940912015994','Dental Surgery Assistant',29,20,67,'2024-12-05','0000-00-00','2025-03-31','0000-00-00','0000-00-00','Monthly','Bank',1,1),('940913016278','DENTAL SURGERY ASSISTANT',31,6,66,'2018-06-05','0000-00-00','2021-06-10','0000-00-00','0000-00-00','Monthly','Bank',0,1),('940918016541','MID PHP PROGRAMMER',94,7,215,'2022-03-15','0000-00-00','2023-10-05','2022-06-15','0000-00-00','Monthly','Bank',1,0),('941001055324','DSA',109,20,232,'2022-11-17','0000-00-00','0000-00-00','0000-00-00','0000-00-00','Monthly','Bank',1,1),('941002015500','',23,6,60,'2020-02-05','0000-00-00','0000-00-00','0000-00-00','0000-00-00','Monthly','Bank',1,1),('941011145075','CONTRACT ADMIN ASSISTANT',94,7,215,'2019-11-01','0000-00-00','2019-12-13','0000-00-00','0000-00-00','Monthly','Bank',0,1),('941112045356','UI/UX DESIGNER',227,7,215,'2022-03-01','0000-00-00','0000-00-00','2022-04-01','0000-00-00','Monthly','Bank',1,0),('941119016339','Dental Surgery Assistant',85,20,206,'2025-07-10','0000-00-00','2025-10-19','0000-00-00','2025-07-10','Monthly','Bank',1,1),('941121045059','',31,6,66,'2022-10-07','0000-00-00','0000-00-00','0000-00-00','0000-00-00','Monthly','Bank',0,1),('941210035434','DENTAL SURGERY ASSISTANT',82,6,203,'2017-10-02','0000-00-00','0000-00-00','0000-00-00','0000-00-00','Monthly','Bank',0,1),('950110146924','Dental Associate(GAP)',82,21,203,'2025-10-09','0000-00-00','0000-00-00','0000-00-00','0000-00-00','Monthly','Bank',1,1),('950125015396','ACCOUNTS ASSISTANT',18,8,50,'2022-03-01','0000-00-00','0000-00-00','0000-00-00','0000-00-00','Monthly','Bank',1,1),('950219015880','',18,8,50,'2023-05-02','0000-00-00','0000-00-00','0000-00-00','0000-00-00','Monthly','Bank',1,1),('950219015928','SR.ACCOUNTS EXECUTIVE',18,8,50,'2022-10-01','0000-00-00','0000-00-00','0000-00-00','0000-00-00','Monthly','Bank',1,1),('950310145000','',86,21,207,'2024-01-02','0000-00-00','2025-02-28','0000-00-00','0000-00-00','Monthly','Bank',0,1),('950310145002','Dental Surgery Assistant',102,21,223,'2025-08-07','0000-00-00','0000-00-00','0000-00-00','0000-00-00','Monthly','Bank',1,0),('950321065796','',109,6,232,'2023-05-15','0000-00-00','0000-00-00','0000-00-00','0000-00-00','Monthly','Bank',0,1),('950327016186','Accounts and Admin Executive',94,8,215,'2023-02-23','0000-00-00','2023-03-31','0000-00-00','0000-00-00','Monthly','Bank',0,0),('950415015116','DENTAL SURGERY ASSISTANT',78,20,196,'2018-11-25','0000-00-00','0000-00-00','0000-00-00','0000-00-00','Monthly','Bank',1,1),('950430135159','MID PHP PROGRAMMER',226,7,215,'2022-05-05','0000-00-00','2023-08-23','2022-08-05','0000-00-00','Monthly','Bank',0,0),('950507016300  ','HR  ASSISTANT',18,7,50,'2022-08-22','0000-00-00','2024-12-26','0000-00-00','0000-00-00','Monthly','Bank',1,1),('950516055491','MID PHP PROGRAMMER',94,7,215,'2022-04-05','0000-00-00','2022-11-05','2022-08-05','0000-00-00','Monthly','Bank',0,0),('950519016674','DSA',95,6,216,'2020-09-28','0000-00-00','2021-08-17','0000-00-00','0000-00-00','Monthly','Bank',0,1),('950524106754','MARKETING EXECUTIVE',18,9,50,'2023-03-01','0000-00-00','0000-00-00','0000-00-00','0000-00-00','Monthly','Bank',1,1),('950722105824','DSA',83,6,204,'2019-01-02','0000-00-00','0000-00-00','0000-00-00','0000-00-00','Monthly','Bank',0,1),('950805016894','DSA',32,6,68,'2020-06-13','0000-00-00','0000-00-00','2020-08-01','0000-00-00','Monthly','Bank',1,1),('950813015242','SR.ACCOUNTS EXECUTIVE',18,8,50,'2019-01-28','0000-00-00','0000-00-00','0000-00-00','0000-00-00','Monthly','Bank',1,1),('950818055286','',89,6,210,'2023-04-19','0000-00-00','0000-00-00','0000-00-00','0000-00-00','Monthly','Bank',0,1),('950821105862','',83,6,204,'2022-09-27','0000-00-00','0000-00-00','0000-00-00','0000-00-00','Monthly','Bank',0,1),('950930106776','CONTRACT ADMIN ASSISTANT',94,7,215,'2019-11-01','0000-00-00','2019-11-30','0000-00-00','0000-00-00','Monthly','Bank',0,1),('951007145119','',81,6,202,'2018-12-24','0000-00-00','0000-00-00','0000-00-00','0000-00-00','Monthly','Bank',0,1),('951027065335','PROGRAMMER',227,7,215,'2020-03-18','0000-00-00','2023-03-15','2020-07-01','0000-00-00','Monthly','Bank',0,0),('951119065324','DSA',90,6,211,'2019-09-17','0000-00-00','2019-12-31','0000-00-00','0000-00-00','Monthly','Bank',0,1),('951120135051','SOFTWARE DEVELOPER',228,7,215,'2022-08-22','0000-00-00','0000-00-00','2022-11-22','0000-00-00','Monthly','Bank',1,0),('951127106472','ACCOUNTS ASSISTANT',18,8,50,'2021-07-01','0000-00-00','0000-00-00','0000-00-00','0000-00-00','Monthly','Bank',1,1),('951215025234','Dental Surgery Assistant',93,21,214,'2025-08-21','0000-00-00','0000-00-00','0000-00-00','0000-00-00','Monthly','Bank',1,1),('960101015964','DENTAL SURGERY ASSISTANT',26,6,62,'2017-02-06','0000-00-00','2021-09-01','0000-00-00','0000-00-00','Monthly','Bank',0,0),('960117145798','DSA',84,6,205,'2020-03-02','0000-00-00','2020-08-07','0000-00-00','0000-00-00','Monthly','Bank',1,1),('960206045748','',100,6,220,'2020-02-06','0000-00-00','0000-00-00','2020-07-01','0000-00-00','Monthly','Bank',1,1),('960209016512','DSA',91,20,212,'2020-09-24','0000-00-00','0000-00-00','0000-00-00','0000-00-00','Monthly','Bank',1,1),('960215015524','DSA',26,6,62,'2022-03-01','0000-00-00','0000-00-00','0000-00-00','0000-00-00','Monthly','Bank',0,1),('960225126332','',99,6,219,'2020-12-05','0000-00-00','0000-00-00','0000-00-00','0000-00-00','Monthly','Bank',0,1),('960228065184','SR.ACCOUNTS EXECUTIVE',18,8,50,'2019-10-29','0000-00-00','0000-00-00','0000-00-00','0000-00-00','Monthly','Bank',1,1),('960311016818','',91,6,212,'2022-02-12','0000-00-00','0000-00-00','0000-00-00','0000-00-00','Monthly','Bank',0,1),('960316435296','DSA',24,6,61,'2021-10-28','0000-00-00','0000-00-00','2022-02-01','0000-00-00','Monthly','Bank',0,1),('960425125414','Dental Surgery Assistant',99,20,230,'2025-10-02','0000-00-00','0000-00-00','0000-00-00','0000-00-00','Monthly','Bank',1,1),('960430146658','',105,21,226,'2024-05-06','0000-00-00','0000-00-00','0000-00-00','0000-00-00','Monthly','Bank',1,1),('960510105856','',82,6,203,'2022-08-10','0000-00-00','0000-00-00','0000-00-00','0000-00-00','Monthly','Bank',0,1),('960531145814','',83,21,204,'2023-11-01','0000-00-00','0000-00-00','0000-00-00','0000-00-00','Monthly','Bank',1,1),('960607086129','',94,7,215,'2020-12-02','0000-00-00','2023-01-29','0000-00-00','0000-00-00','Monthly','Bank',0,0),('960608015322','DA',31,20,66,'2024-03-11','0000-00-00','0000-00-00','0000-00-00','0000-00-00','Monthly','Bank',1,1),('960609015869','JUNIOR PHP DEVELOPER',94,7,215,'2021-01-04','0000-00-00','2023-10-30','0000-00-00','0000-00-00','Monthly','Bank',1,0),('960609086288','',86,6,207,'2022-08-05','0000-00-00','0000-00-00','0000-00-00','0000-00-00','Monthly','Bank',0,1),('960609115472','DSA',87,6,208,'2020-11-01','0000-00-00','0000-00-00','0000-00-00','0000-00-00','Monthly','Bank',0,1),('960630055304','',86,6,207,'2023-04-01','0000-00-00','0000-00-00','0000-00-00','0000-00-00','Monthly','Bank',0,1),('960723015870','DSA',26,6,62,'2023-10-20','0000-00-00','0000-00-00','0000-00-00','0000-00-00','Monthly','Bank',0,1),('960809136008','',97,6,218,'2023-01-19','0000-00-00','0000-00-00','0000-00-00','0000-00-00','Monthly','Bank',1,1),('960813105538','SR.ACCOUNTS EXECUTIVE',18,8,50,'2019-07-15','0000-00-00','0000-00-00','0000-00-00','0000-00-00','Monthly','Bank',1,1),('960821-14-5484','',80,6,201,'2021-10-01','0000-00-00','0000-00-00','2022-01-01','0000-00-00','Monthly','Bank',0,1),('960823085016','DSA',78,6,196,'2022-02-09','0000-00-00','0000-00-00','2022-03-21','0000-00-00','Monthly','Bank',0,1),('960824075450','DSA',32,6,68,'2019-09-18','0000-00-00','0000-00-00','2019-11-01','0000-00-00','Monthly','Bank',1,1),('960831085964','DSA',24,6,61,'2021-11-15','0000-00-00','0000-00-00','2022-02-01','0000-00-00','Monthly','Bank',0,1),('960902135296','',93,6,214,'2022-06-09','0000-00-00','0000-00-00','0000-00-00','0000-00-00','Monthly','Bank',0,1),('960912016530','',18,8,50,'2019-07-15','0000-00-00','2022-03-31','0000-00-00','0000-00-00','Monthly','Bank',1,1),('960920106624','',103,6,224,'2023-01-16','0000-00-00','0000-00-00','0000-00-00','0000-00-00','Monthly','Bank',0,1),('960927235146','SR.ACCOUNTS EXECUTIVE',18,8,50,'2020-08-24','0000-00-00','0000-00-00','0000-00-00','0000-00-00','Monthly','Bank',1,1),('961003015228','DSA',99,6,219,'2022-03-28','0000-00-00','0000-00-00','0000-00-00','0000-00-00','Monthly','Bank',0,1),('961024075668','BUSINESS OPERATING EXECUTIVE',226,7,215,'2022-06-13','0000-00-00','0000-00-00','2022-09-13','0000-00-00','Monthly','Bank',1,0),('961031015663','ACCOUNTS ASSISTANT',18,8,50,'2022-03-14','0000-00-00','0000-00-00','0000-00-00','0000-00-00','Monthly','Bank',1,1),('961127016396','ACCOUNTS EXECUTIVE',18,8,50,'2025-03-04','0000-00-00','0000-00-00','0000-00-00','0000-00-00','Monthly','Bank',1,0),('961207016150','',95,20,216,'2023-02-19','0000-00-00','0000-00-00','0000-00-00','0000-00-00','Monthly','Bank',1,1),('961219105126 ','HR  ASSISTANT',18,7,50,'2022-08-22','0000-00-00','0000-00-00','0000-00-00','0000-00-00','Monthly','Bank',0,1),('970128126188   ','',101,6,231,'2022-12-01','0000-00-00','0000-00-00','0000-00-00','0000-00-00','Monthly','Bank',0,1),('970202025976','HR  ASSISTANT',18,7,50,'2023-10-02','0000-00-00','0000-00-00','0000-00-00','0000-00-00','Monthly','Bank',1,0),('970212065728','',18,8,50,'2018-05-01','0000-00-00','2019-08-03','2018-08-01','0000-00-00','Monthly','Bank',1,1),('970216015138','JR.ACCOUNTS EXECUTIVE',18,8,50,'2021-12-16','0000-00-00','0000-00-00','0000-00-00','0000-00-00','Monthly','Bank',1,1),('970217385042','DSA',91,6,212,'2021-08-01','0000-00-00','0000-00-00','0000-00-00','0000-00-00','Monthly','Bank',0,0),('970302015724','',91,6,212,'2019-09-03','0000-00-00','0000-00-00','0000-00-00','0000-00-00','Monthly','Bank',1,1),('970310105738','SECURITY ANALYST',227,7,215,'2022-06-16','0000-00-00','0000-00-00','2022-09-16','0000-00-00','Monthly','Bank',1,0),('970319565044','JUNIOR QUALITY ASSURANCE SPECIALIST',227,7,215,'2022-06-01','0000-00-00','0000-00-00','2022-09-01','0000-00-00','Monthly','Bank',1,0),('970328016768','Dental Surgery Assistant',21,20,55,'2025-06-12','0000-00-00','0000-00-00','0000-00-00','0000-00-00','Monthly','Bank',1,1),('970328115446','',99,6,230,'2022-09-09','0000-00-00','0000-00-00','0000-00-00','0000-00-00','Monthly','Bank',0,1),('970401055270','DSA',85,6,206,'2019-06-25','0000-00-00','2022-02-11','0000-00-00','0000-00-00','Monthly','Bank',0,1),('970414055034','Dental Surgery Assistant',30,20,65,'2024-10-07','0000-00-00','0000-00-00','0000-00-00','0000-00-00','Monthly','Bank',1,1),('970419126364','',105,6,226,'2022-07-09','0000-00-00','0000-00-00','0000-00-00','0000-00-00','Monthly','Bank',0,1),('970503016600 ','',92,20,213,'2022-12-12','0000-00-00','2025-08-31','0000-00-00','0000-00-00','Monthly','Bank',0,0),('970503016993','ACCOUNTS ASSISTANT',18,8,50,'2020-08-03','0000-00-00','0000-00-00','0000-00-00','0000-00-00','Monthly','Bank',1,1),('970513017156','',96,20,217,'2022-11-01','0000-00-00','0000-00-00','0000-00-00','0000-00-00','Monthly','Bank',0,1),('970516086042','',24,6,61,'2023-05-22','0000-00-00','0000-00-00','0000-00-00','0000-00-00','Monthly','Bank',0,1),('970527135778','',29,6,67,'2021-12-26','0000-00-00','0000-00-00','0000-00-00','0000-00-00','Monthly','Bank',0,1),('970602016454','DSA',92,6,213,'2022-01-01','0000-00-00','0000-00-00','2022-04-01','0000-00-00','Monthly','Bank',0,1),('970629145467','MARKETING EXECUTIVE',18,9,50,'2024-02-19','0000-00-00','0000-00-00','0000-00-00','0000-00-00','Monthly','Bank',1,0),('970704015946','Dental Surgery Assistant',95,20,216,'2025-08-28','0000-00-00','2025-09-30','0000-00-00','0000-00-00','Monthly','Bank',1,1),('970708-01-6372','',89,6,210,'2023-10-17','0000-00-00','0000-00-00','0000-00-00','0000-00-00','Monthly','Bank',0,1),('970719055086','DSA',109,20,232,'2023-11-13','0000-00-00','0000-00-00','0000-00-00','0000-00-00','Monthly','Bank',1,1),('970726015146','DSA',29,6,67,'2021-12-26','0000-00-00','0000-00-00','0000-00-00','0000-00-00','Monthly','Bank',0,1),('970804-12-6432','',82,6,203,'2023-01-16','0000-00-00','0000-00-00','0000-00-00','0000-00-00','Monthly','Bank',0,1),('970806145944','',107,15,228,'2023-03-13','0000-00-00','0000-00-00','0000-00-00','0000-00-00','Monthly','Bank',0,1),('970809016902','DSA',97,6,218,'2019-12-16','0000-00-00','0000-00-00','0000-00-00','0000-00-00','Monthly','Bank',1,1),('970813015750','ACCOUNTS ASSISTANT',18,8,50,'2022-01-01','0000-00-00','0000-00-00','0000-00-00','0000-00-00','Monthly','Bank',1,1),('970814017328','DSA',89,20,210,'2021-11-01','0000-00-00','0000-00-00','0000-00-00','0000-00-00','Monthly','Bank',1,1),('970818145730','',110,6,233,'2023-05-02','0000-00-00','0000-00-00','0000-00-00','0000-00-00','Monthly','Bank',0,1),('970820145676','',103,6,224,'2023-12-12','0000-00-00','0000-00-00','0000-00-00','0000-00-00','Monthly','Bank',0,1),('970825015950','',95,6,216,'2022-02-03','0000-00-00','0000-00-00','0000-00-00','0000-00-00','Monthly','Bank',0,1),('970829016838','Associate QA Engineer',94,7,215,'2023-10-16','0000-00-00','0000-00-00','2023-11-15','0000-00-00','Monthly','Bank',1,1),('970905305034','BUSINESS DEVELOPMENT EXECUTIVE',18,7,50,'2024-04-01','0000-00-00','0000-00-00','0000-00-00','0000-00-00','Monthly','Bank',1,0),('970916015745','ACCOUNTS EXECUTIVE',18,8,50,'2024-04-22','0000-00-00','0000-00-00','0000-00-00','0000-00-00','Monthly','Bank',1,0),('970921105542','',103,6,224,'2023-03-15','0000-00-00','0000-00-00','0000-00-00','0000-00-00','Monthly','Bank',0,1),('970927045202','',25,6,59,'2019-06-17','0000-00-00','0000-00-00','0000-00-00','0000-00-00','Monthly','Bank',1,1),('970927105332  ','',102,6,223,'2022-12-01','0000-00-00','0000-00-00','0000-00-00','0000-00-00','Monthly','Bank',0,1),('971010035744','',108,6,229,'2022-05-10','0000-00-00','0000-00-00','0000-00-00','0000-00-00','Monthly','Bank',0,1),('971012105988','DSA',25,6,59,'2022-01-01','0000-00-00','0000-00-00','2022-01-01','0000-00-00','Monthly','Bank',1,1),('971027-14-6328','DSA',108,6,229,'2022-11-03','0000-00-00','0000-00-00','2020-08-01','0000-00-00','Monthly','Bank',0,1),('971027146328','Dental Surgery Assistant',82,21,203,'2025-03-07','0000-00-00','0000-00-00','0000-00-00','0000-00-00','Monthly','Bank',1,1),('971101016880','DSA',91,6,212,'2019-12-01','0000-00-00','2020-10-16','2020-03-01','0000-00-00','Monthly','Bank',1,1),('971103055058','DENTAL SURGERY ASSISTANT',25,6,59,'2014-12-11','0000-00-00','0000-00-00','2015-03-11','0000-00-00','Monthly','Bank',1,0),('971104016720','',31,6,66,'2022-07-07','0000-00-00','0000-00-00','0000-00-00','0000-00-00','Monthly','Bank',0,1),('971105106680 ','',21,20,55,'2022-12-19','0000-00-00','2025-06-19','0000-00-00','0000-00-00','Monthly','Bank',0,1),('971106045410','Dental Surgery Assistant',100,6,220,'2023-11-21','0000-00-00','0000-00-00','0000-00-00','0000-00-00','Monthly','Bank',1,1),('971108145554','',28,6,64,'2024-01-17','0000-00-00','0000-00-00','0000-00-00','0000-00-00','Monthly','Bank',1,1),('971110105666','Assistant HR Manager',18,19,50,'2023-08-01','0000-00-00','0000-00-00','0000-00-00','0000-00-00','Monthly','Bank',1,1),('971111385612','Dental Surgery Assistant',82,20,203,'2024-08-26','0000-00-00','2025-06-08','0000-00-00','0000-00-00','Monthly','Bank',0,1),('971117075586','',105,6,226,'2022-06-01','0000-00-00','0000-00-00','0000-00-00','0000-00-00','Monthly','Bank',1,1),('971218-43-5050','',102,6,223,'2023-05-01','0000-00-00','0000-00-00','0000-00-00','0000-00-00','Monthly','Bank',0,1),('971227036633  ','ACCOUNTS ASSISTANT',18,8,50,'2022-08-22','0000-00-00','0000-00-00','0000-00-00','0000-00-00','Monthly','Bank',1,1),('971231055466','DSA',109,20,232,'2023-11-13','0000-00-00','0000-00-00','0000-00-00','0000-00-00','Monthly','Bank',1,1),('980101015460','DENTAL SURGERY ASSISTANT',31,6,66,'2018-04-29','0000-00-00','0000-00-00','0000-00-00','0000-00-00','Monthly','Bank',0,1),('980105045050','',32,6,68,'2023-01-02','0000-00-00','0000-00-00','0000-00-00','0000-00-00','Monthly','Bank',1,1),('980109145534','',81,6,202,'2022-05-24','0000-00-00','0000-00-00','0000-00-00','0000-00-00','Monthly','Bank',0,1),('980110016430','ACCOUNTS ASSISTANT',18,8,50,'2021-07-01','0000-00-00','0000-00-00','0000-00-00','0000-00-00','Monthly','Bank',1,1),('980110565210','DSA',88,21,209,'2021-02-21','0000-00-00','0000-00-00','0000-00-00','0000-00-00','Monthly','Bank',1,1),('980113015636','',31,6,66,'2023-02-13','0000-00-00','0000-00-00','0000-00-00','0000-00-00','Monthly','Bank',0,1),('980124016124','',31,6,66,'2023-05-09','0000-00-00','0000-00-00','0000-00-00','0000-00-00','Monthly','Bank',0,1),('980203125513','SOCIAL MEDIA CONTENT CREATOR',18,9,50,'2022-09-01','0000-00-00','0000-00-00','0000-00-00','0000-00-00','Monthly','Bank',1,1),('980213016206','',95,20,216,'2021-09-05','0000-00-00','2025-09-21','0000-00-00','0000-00-00','Monthly','Bank',1,1),('980214066256','DSA',99,20,219,'2022-02-06','0000-00-00','2025-10-20','0000-00-00','0000-00-00','Monthly','Bank',1,1),('980222145106','',88,21,209,'2019-08-14','0000-00-00','0000-00-00','0000-00-00','0000-00-00','Monthly','Bank',1,1),('980224055892','',101,6,231,'2022-08-25','0000-00-00','0000-00-00','0000-00-00','0000-00-00','Monthly','Bank',0,1),('980323015212','ACCOUNT ASSISTANT',18,8,50,'2018-05-01','0000-00-00','2018-08-31','0000-00-00','0000-00-00','Monthly','Bank',1,1),('980412065828','',105,21,226,'2022-10-03','0000-00-00','0000-00-00','0000-00-00','0000-00-00','Monthly','Bank',1,1),('980426065626','DSA',24,6,61,'2021-05-27','0000-00-00','0000-00-00','0000-00-00','0000-00-00','Monthly','Bank',0,1),('980518016549  ','',26,6,62,'2023-01-14','0000-00-00','0000-00-00','0000-00-00','0000-00-00','Monthly','Bank',0,1),('980521105438','',31,6,66,'2023-02-01','0000-00-00','0000-00-00','0000-00-00','0000-00-00','Monthly','Bank',0,1),('980612015665','SECURITY ANALYST',94,7,215,'2022-06-01','0000-00-00','2022-10-31','2022-09-01','0000-00-00','Monthly','Bank',0,0),('980614016880','DSA',32,6,68,'2021-03-29','0000-00-00','0000-00-00','2021-06-01','0000-00-00','Monthly','Bank',1,1),('980630145519','AI ENGINEER',227,7,215,'2022-04-25','0000-00-00','0000-00-00','2022-07-25','0000-00-00','Monthly','Bank',1,0),('980703087162','',80,6,201,'2023-05-15','0000-00-00','0000-00-00','0000-00-00','0000-00-00','Monthly','Bank',0,1),('980724085043','',20,6,52,'2023-05-11','0000-00-00','0000-00-00','0000-00-00','0000-00-00','Monthly','Bank',0,1),('980811105110','',84,6,205,'2024-04-19','0000-00-00','0000-00-00','0000-00-00','0000-00-00','Monthly','Bank',1,1),('980902075340','',19,6,51,'2023-05-11','0000-00-00','0000-00-00','0000-00-00','0000-00-00','Monthly','Bank',0,1),('980905145316','Dental Surgery Assistant',93,21,214,'2024-10-02','0000-00-00','0000-00-00','0000-00-00','0000-00-00','Monthly','Bank',1,1),('980910105220','',86,6,207,'2022-09-12','0000-00-00','0000-00-00','0000-00-00','0000-00-00','Monthly','Bank',0,1),('980922106319','',20,21,52,'2024-01-02','0000-00-00','0000-00-00','0000-00-00','0000-00-00','Monthly','Bank',1,1),('981008016172 ','DENTAL SURGERY ASSISTANT',22,6,57,'2017-07-26','0000-00-00','0000-00-00','2017-10-01','0000-00-00','Monthly','Bank',0,1),('981012087184','',93,6,214,'2021-10-01','0000-00-00','0000-00-00','0000-00-00','0000-00-00','Monthly','Bank',0,1),('981024435430','',84,21,205,'2023-11-06','0000-00-00','0000-00-00','0000-00-00','0000-00-00','Monthly','Bank',1,1),('981026016176','',96,20,217,'2022-03-03','0000-00-00','2025-02-20','0000-00-00','0000-00-00','Monthly','Bank',1,1),('981030045324','DSA',93,6,214,'2020-05-13','0000-00-00','0000-00-00','2020-09-01','0000-00-00','Monthly','Bank',0,1),('981030145528','',110,6,233,'2022-08-16','0000-00-00','0000-00-00','0000-00-00','0000-00-00','Monthly','Bank',0,1),('981102145472','Dental Surgery Assistant',90,21,211,'2024-11-07','0000-00-00','2025-01-13','0000-00-00','0000-00-00','Monthly','Bank',0,1),('981112105458','',24,21,61,'2024-01-05','0000-00-00','0000-00-00','0000-00-00','0000-00-00','Monthly','Bank',1,1),('981113017468','DSA',114,20,208,'2022-03-21','0000-00-00','0000-00-00','0000-00-00','0000-00-00','Monthly','Bank',1,1),('981130125946 ','',84,6,205,'2022-09-13','0000-00-00','0000-00-00','0000-00-00','0000-00-00','Monthly','Bank',0,1),('981212065035','',109,6,232,'2022-10-18','0000-00-00','0000-00-00','0000-00-00','0000-00-00','Monthly','Bank',0,1),('981220106976','',82,6,203,'2023-03-20','0000-00-00','0000-00-00','0000-00-00','0000-00-00','Monthly','Bank',0,1),('990109106884','',103,6,224,'2022-09-03','0000-00-00','0000-00-00','0000-00-00','0000-00-00','Monthly','Bank',0,1),('990114107814','',108,6,229,'2024-01-09','0000-00-00','0000-00-00','0000-00-00','0000-00-00','Monthly','Bank',1,1),('990121085828','',90,21,211,'2024-07-23','0000-00-00','0000-00-00','0000-00-00','0000-00-00','Monthly','Bank',1,1),('990128016542','',79,6,197,'2022-02-22','0000-00-00','0000-00-00','0000-00-00','0000-00-00','Monthly','Bank',1,1),('990206045374','',19,6,51,'2023-03-16','0000-00-00','0000-00-00','0000-00-00','0000-00-00','Monthly','Bank',0,1),('990211105423','',103,6,224,'2023-10-25','0000-00-00','0000-00-00','0000-00-00','0000-00-00','Monthly','Bank',1,1),('990222086934','',20,21,52,'2022-06-07','0000-00-00','0000-00-00','0000-00-00','0000-00-00','Monthly','Bank',1,1),('990228-01-5846','',97,6,218,'2020-10-19','0000-00-00','0000-00-00','2021-02-01','0000-00-00','Monthly','Bank',0,1),('990316145827','',81,6,202,'2023-10-02','0000-00-00','0000-00-00','0000-00-00','0000-00-00','Monthly','Bank',1,1),('990401017264','DSA',78,20,196,'2021-06-25','0000-00-00','0000-00-00','0000-00-00','0000-00-00','Monthly','Bank',1,1),('990430146188','',81,6,202,'2023-12-21','0000-00-00','0000-00-00','0000-00-00','0000-00-00','Monthly','Bank',1,1),('990528135743','',24,6,61,'2024-03-04','0000-00-00','0000-00-00','0000-00-00','0000-00-00','Monthly','Bank',0,1),('990530087947','JR.ACCOUNTS EXECUTIVE',18,8,50,'2021-07-22','0000-00-00','0000-00-00','0000-00-00','0000-00-00','Monthly','Bank',1,1),('990601146431','DA',108,6,229,'2024-02-20','0000-00-00','0000-00-00','0000-00-00','0000-00-00','Monthly','Bank',1,1),('990602088632','Dental Surgery Assistant',30,20,65,'2025-07-10','0000-00-00','0000-00-00','0000-00-00','0000-00-00','Monthly','Bank',1,1),('990605135764','',25,6,59,'2022-07-03','0000-00-00','0000-00-00','0000-00-00','0000-00-00','Monthly','Bank',0,1),('990610105658','Dental Associate',103,21,224,'2025-03-08','0000-00-00','0000-00-00','0000-00-00','0000-00-00','Monthly','Bank',1,1),('990625016228','DSA',92,6,213,'2019-11-20','0000-00-00','0000-00-00','0000-00-00','0000-00-00','Monthly','Bank',0,1),('990716036304','',17,6,49,'2020-02-14','0000-00-00','0000-00-00','0000-00-00','0000-00-00','Monthly','Bank',1,1),('990805116322','',93,6,214,'2022-08-22','0000-00-00','0000-00-00','0000-00-00','0000-00-00','Monthly','Bank',0,1),('990809105014','',93,6,214,'2023-08-01','0000-00-00','0000-00-00','0000-00-00','0000-00-00','Monthly','Bank',0,1),('990926016176','DSA',95,6,216,'2020-04-20','0000-00-00','2021-09-29','0000-00-00','0000-00-00','Monthly','Bank',0,1),('990927145412','',83,21,204,'2024-11-18','0000-00-00','2025-07-31','0000-00-00','0000-00-00','Monthly','Bank',1,1),('991007145588','DSA',102,6,223,'2021-10-15','0000-00-00','0000-00-00','0000-00-00','0000-00-00','Monthly','Bank',0,1),('991008016526','Dental Surgery Assistant',26,20,62,'2024-09-17','0000-00-00','0000-00-00','0000-00-00','0000-00-00','Monthly','Bank',1,1),('991201025600','',81,6,202,'2023-03-01','0000-00-00','0000-00-00','0000-00-00','0000-00-00','Monthly','Bank',0,1),('991208146552','',84,6,205,'2022-04-18','0000-00-00','0000-00-00','0000-00-00','0000-00-00','Monthly','Bank',0,1),('991230106186','DSA',83,6,204,'2021-09-21','0000-00-00','0000-00-00','0000-00-00','0000-00-00','Monthly','Bank',0,1),('AJ841173 ','',20,6,52,'2022-11-07','0000-00-00','0000-00-00','0000-00-00','0000-00-00','Monthly','Bank',0,1),('EC3212965','DENTAL SURGERY ASSISTANT IN-CHARGE',24,6,61,'2014-02-24','2017-01-01','2022-07-03','2014-07-01','0000-00-00','Monthly','Bank',0,0),('N1924524','MOBILE DEVELOPER',227,7,215,'2022-01-01','0000-00-00','2022-06-17','2022-02-18','0000-00-00','Monthly','Bank',0,0),('Nadia','',94,7,215,'2022-03-01','0000-00-00','0000-00-00','0000-00-00','0000-00-00','Monthly','Bank',0,1),('NOONEUSE','',94,7,215,'2022-03-01','0000-00-00','0000-00-00','0000-00-00','0000-00-00','Monthly','Bank',0,1),('S6904524C','',230,19,48,'2024-04-01','0000-00-00','0000-00-00','0000-00-00','0000-00-00','Monthly','Bank',1,1),('S7736886H','ASSISTANT AREA MANAGER CUM TRAINER',105,21,226,'2024-09-19','0000-00-00','0000-00-00','0000-00-00','0000-00-00','Monthly','Bank',1,1),('S7774305G','',94,10,215,'2019-12-01','0000-00-00','0000-00-00','0000-00-00','0000-00-00','Monthly','Bank',0,1),('S8616522H','HR Director',94,7,215,'2022-12-19','0000-00-00','2023-02-15','0000-00-00','0000-00-00','Monthly','Bank',0,0),('SINNEE','FINANCE MANAGER',94,7,215,'2023-08-01','0000-00-00','0000-00-00','2023-08-01','0000-00-00','Monthly','Bank',1,0),('YEWMUN','',94,10,215,'2020-08-24','0000-00-00','2023-01-15','0000-00-00','0000-00-00','Monthly','Bank',0,1),('ZHENJIAN','',94,7,215,'2023-09-01','0000-00-00','0000-00-00','0000-00-00','0000-00-00','Monthly','Bank',0,1);

--
-- Table structure for table `user_spouse`
--

CREATE TABLE `user_spouse` (
  `username` varchar(50) NOT NULL,
  `spouse_name` varchar(50) DEFAULT NULL,
  `spouse_ic_no` varchar(30) DEFAULT NULL,
  `no_children` int DEFAULT NULL,
  `spouse_working` int DEFAULT NULL,
  PRIMARY KEY (`username`)
) ENGINE=InnoDB DEFAULT CHARSET=latin1;

--
-- Dumping data for table `user_spouse`
--

INSERT INTO `user_spouse` VALUES ('000101011842','','',0,0),('000114050218','','',0,0),('000114141558','','',0,0),('000125101252','','',0,0),('000205011804','','',0,0),('000208101354','','',0,0),('000209010948','MOHAMAD IKMAL ALIF BIN MAHAD','',0,0),('000220101576 ','','',0,0),('000221020612','','',0,0),('000224100722','','',0,0),('000312021071  ','','',0,0),('000321011414','','',0,0),('000331130652','','',0,0),('000405012094','','',0,0),('000407010578','','',0,0),('000413011120','','',0,0),('000421060782','','',0,0),('000427080274','','',0,0),('000428120696','','',0,0),('000501-05-0162','','',0,0),('000512050416','','',0,0),('000523030162','','',0,0),('000607011540','','',0,0),('000611050526','','',0,0),('000615010986','','',0,0),('000616930012','','',0,0),('000702040390','','',0,0),('000705141074','','',0,0),('000812101190','','',0,0),('000829011204','','',0,0),('000903140240','','',0,0),('001001-01-1372','','',0,0),('001010060467','','',0,0),('001016102058','','',0,0),('001110081062','SAFIUDDIN BIN MOHD SANI','',0,0),('001113080225','','',0,0),('001123040286','','',0,0),('001129141379','','',0,0),('010103101402','','',0,0),('010202100894','','',0,0),('010208130744','','',0,0),('010208141558','','',0,0),('010301010720','','',0,0),('010306100143','','',0,0),('010327101970','','',0,0),('010410-14-0794','','',0,0),('010412101158','','',0,0),('010420131090','','',0,0),('010427-07-0411','','',0,0),('010429101074','','',0,0),('010501110080','','',0,0),('010502011308','','',0,0),('010503140603','','',0,0),('010512140744','','',0,0),('010524011608','KHAIRUL AMRI BIN MAT JINAN','',0,0),('010604010920','','',0,0),('010617010874','','',0,0),('010622140200','','',0,0),('010628011864','','',0,0),('010628080448','','',0,0),('010629050136','','',0,0),('010711100278','','',0,0),('010713010786','','',0,0),('010718130066','','',0,0),('010721010292','','',0,0),('010807010330','','',0,0),('010809080746','','',0,0),('010811020654','','',0,0),('010829010964  ','','',0,0),('010831050236','','',0,0),('010901010046','','',0,0),('010917010462','','',0,0),('010927050388','','',0,0),('011011050454','','',0,0),('011020010606','','',0,0),('011025101558','','',0,0),('011104030188','','',0,0),('011109010370','','',0,0),('011110081328','','',0,0),('011124080924','','',0,0),('011211040381','','',0,0),('011226100068','','',0,0),('014-307 7215','','',0,0),('020110101178','','',0,0),('020114101976','','',0,0),('020228040286','','',0,0),('020321010903','','',0,0),('020406100350','','',0,0),('020429050368','','',0,0),('020512100282','','',0,0),('020523101686','','',0,0),('020524141508','','',0,0),('020616140684','','',0,0),('020623081352','','',0,0),('020707-01-0092','','',0,0),('020712040296','','',0,0),('020713011286','','',0,0),('020729100216','','',0,0),('020730040118','','',0,0),('020820011783','','',0,0),('020830050292','','',0,0),('020910100042','','',0,0),('020914040200','','',0,0),('021007070582','','',0,0),('021009101012','','',0,0),('021101011976','','',0,0),('021106141198','','',0,0),('021107010050','','',0,0),('021107011176','','',0,0),('021117141070','','',0,0),('021221140190','','',0,0),('030108101522','','',0,0),('030111100272','','',0,0),('030120140014','','',0,0),('030127011282','','',0,0),('030128050443','','',0,0),('030216100391','','',0,0),('030314080304','','',0,0),('030328040258','','',0,0),('030428010144','','',0,0),('030711040488','','',0,0),('030727101580','','',0,0),('030814030864','','',0,0),('030821011290','','',0,0),('030911010048','','',0,0),('030916101862','','',0,0),('030926010550','','',0,0),('031015011936','','',0,0),('031024060908','','',0,0),('031105140424','','',0,0),('031105141240','','',0,0),('031107100434','','',0,0),('031121030022','','',0,0),('031204010924','','',0,0),('031209090070','','',0,0),('031216070676','','',0,0),('040101050362','','',0,0),('040105101534','','',0,0),('040114141036','','',0,0),('040128140384','','',0,0),('040219010868','','',0,0),('040225140570','','',0,0),('040312011064','','',0,0),('040401-03-0558','','',0,0),('040506050096','','',0,0),('040508101344','','',0,0),('040511050082','','',0,0),('040529010986','','',0,0),('040608141044','','',0,0),('040910011742','','',0,0),('040920121400','','',0,0),('041125050484','','',0,0),('041212101112','','',0,0),('050221101442','','',0,0),('050406101078','','',0,0),('050429010646','','',0,0),('050510050370','','',0,0),('050526010576','','',0,0),('050528080906','','',0,0),('050609050370','','',0,0),('050903141070','','',0,0),('050906011634','','',0,0),('051017140748','','',0,0),('051107101056','','',0,0),('051116100274','','',0,0),('060116011524','','',0,0),('060306140298','','',0,0),('060312070126','','',0,0),('060421010739','','',0,0),('060716010226','','',0,0),('060929010078','','',0,0),('070628100546','','',0,0),('3000','','',0,0),('491227105448 ','CLEMENT AMBROSE','',3,0),('610806106137','','',0,0),('630131015234','','',0,0),('640928107055','','',0,0),('681230105331','','',0,0),('690812015760','','',0,0),('700328105250','KOW NGAN CHAI','640928107055',9,1),('710326106216','','',0,0),('711114085796','','',0,0),('720116145179','MARGARET KONG','',1,0),('720323135459','Grace Tan Lang Tse','750710135456',2,0),('740518125355','','',0,0),('740904105512','KANAN A/L NADESAN','700305085373',3,0),('741010-10-5702','','',0,0),('750731145880','','',0,0),('760106026068','','',0,0),('760429085396','','',0,0),('760429115022','','',0,0),('760518145848','','',0,0),('761028086106','','',0,0),('761107145397','LIM SIOW FONG','771107055358',2,1),('770505045564','','',0,0),('770620136090','SIEW KIN SENG','',0,0),('771024045496','','',0,0),('771102136132','','',0,0),('771126146132','ELANGO A/L PAKKIAM','750314145193',1,0),('771210135743','Bong Hui Mian','790426-13-5084',0,0),('780127016350','','',0,0),('780716045344','','',0,0),('780803095008','WONG WAI SHONG','',1,0),('780914045222','','',0,0),('780929145146','','',1,1),('781112015632','TAY CHIONG SOON','',2,0),('781219045196','','',0,0),('790109055224','','',0,0),('790322145798','','',0,0),('791130015678','','',0,0),('800427025270','SATHYAMURTHY A/L PALANIAPPAN','700726106101',3,0),('810401126160','','',0,0),('810707015455','Teh Chee Tin','800108065224',2,0),('810810016536','','',0,0),('811124105242','','',0,0),('811231055308','','',0,0),('820201045197','YEOH HOOI LING','',0,0),('820424085874','','',0,0),('821003015856','','',0,0),('821022016643','Zhu Hongshuang','E32403826',2,0),('830404135263','Bong Chiao Hui','880301525512',1,0),('830426-14-5083','','',0,0),('830426145083','LEOW CHAI PING','',1,0),('830520016448','','',0,0),('830604135495','','',0,0),('830609015118','','',1,0),('830906085104','','',0,0),('831022075220','LOH LEONG KEE','770828076277',2,0),('831122105650','','',0,0),('831229035592','','',0,0),('840112015162','','',0,0),('840316016335','','',0,0),('840507145340','CHAN TONG LEONG',NULL,2,1),('840604045384','CHING CHUK WAI','810902045617',1,0),('840827055256','S. TAUFAN BIN MUHAMAD','820930045277',1,0),('840908105729','','',0,0),('841210135453','Shirley Lau Ching Ching','840401135144',0,0),('850304045410','','',0,0),('850519145566','','',0,0),('851128146216','','',0,0),('851129135148','Lai Chean Hung','830913135755',2,0),('860129155004','','',0,0),('860224385262','','',0,0),('860430295866','','',0,0),('860519386828','','',0,0),('860702495424','YANG KAH FAY','780526145395',3,0),('860715235146','','',0,0),('860808355358','Liew Sim Kien','831125145383',0,0),('861012355218','','',0,0),('861025565724','','',0,0),('861101435332','','',0,0),('861113236816','','',0,0),('861117355177','','',0,0),('861120295849','','',0,0),('861222335012','','',0,0),('870202115578','','',0,0),('870505565138','','',0,0),('870612526775','Tan Sie Kee','891027135602',0,0),('870714145025','','',0,0),('870929105127','','',0,0),('871018035185','','',0,0),('871103045038','','',0,0),('880108125170','YASRI BIN SAIRI','860509495633',2,0),('880129-12-5866','','',0,0),('880303235412','','',0,0),('880405035518','','',0,0),('880519235040','SUGUMARAN A/L ADHIMULUM','',2,0),('880807235344','','',0,0),('880902565106','','',0,0),('880913065844','','',0,0),('881008055114','','',0,0),('881008435360','','',0,0),('881210435444','','',0,0),('890308105456 ','','',0,0),('890409126184','','',0,0),('890421016244','MUHAMMAD SAHIE BIN IBRAHIM','900602115475',2,0),('890525435056','','',0,0),('890604016052','','',0,0),('890608015356','','',0,0),('890617035842','','',0,0),('891028015434','LIM VINCENT','',0,0),('891103115778','','',0,0),('891201016028','','',0,0),('891219146496','','',0,0),('900106146117','','',0,0),('900113146166','','',0,0),('900120136695','Catherine Lau Hui Ning','921203135922',0,0),('900213145160','','',0,0),('900510105392 ','','',0,0),('900603145908','JOSIAHLIM YUN-XI','',0,0),('900617105448','','',0,0),('900813016370','','',0,0),('900904015808','','',0,0),('901126126273','','',0,0),('901205016320','','',0,0),('901217016176','','',0,0),('910103045432','','',0,0),('910103146735','','',0,0),('910129085045','','',0,0),('910308015085','','',0,0),('910319105748','','',0,0),('910416016966','MOHD FAHMY BIN MOHD ZAIN','860808236375',2,0),('910420016360','','',0,0),('910429015612','','',0,0),('910508145562','','',0,0),('910712146394','','',0,0),('910919016167','','',0,0),('910924035338','','',0,0),('911010105648','','',0,0),('911015145083','','',0,0),('911103016900','','',0,0),('911113-01-5514','','',0,0),('911220015640','','',0,0),('911223016032','ARIFF AKMAL BIN BANI','910922015675',0,0),('920101105584','','',0,0),('920207075539','','',0,0),('920303-01-5376','','',0,0),('920303015376','','',0,0),('920520016842','SYAIFUL NIZAM BIN SUDIRAN','',2,0),('920610015712','WAN MOHD NAZRIL BIN WAN HUSSIN','771018015899',2,0),('920707045096','Loh Kim San','',2,0),('920718115168','','',0,0),('920807025156','','',0,0),('920823105148','','',0,0),('920824086102','','',0,0),('920922146332','SOO FOOK WAI','',2,0),('921020135102','','',0,0),('921103075686','','',0,0),('921206036196','','',0,0),('930109145416','','',0,0),('930110085406','','',0,0),('930121015606','','',0,0),('930301145248','','',0,0),('930304045410','','',0,0),('930330016162','','',0,0),('930426015308','','',0,0),('930510065391','','',0,0),('930527065590','','',0,0),('930609065498','','',1,0),('930621015450','','',0,0),('930722146716','','',0,0),('930809115146','','',0,0),('930916135329','Michelle Wong Lin Sze','920607135342',0,0),('931029105005','','',0,0),('931115085813','','',0,0),('931125055204','','',0,0),('931209146170','','',0,0),('940112016470','','',0,0),('940227115428','','',0,0),('940303016158','','',0,0),('940324145004','','',0,0),('940326085586','','',0,0),('940511016232','','',0,0),('940525016313','','',0,0),('940624015316 ','','',0,0),('940720025282','','',0,0),('940721015094','','',0,0),('940721055424','','',0,0),('940805105978 ','','',0,0),('940812015620','','',0,0),('940829085078','','',0,0),('940906146322 ','','',0,0),('940907145399','','',0,0),('940910016256 ','','',0,0),('940912015994','','',0,0),('940913016278','','',0,0),('940918016541','Lim Sin Ti','950124016602',0,0),('941001055324','','',0,0),('941002015500','','',0,0),('941011145075','','',0,0),('941112045356','','',0,0),('941119016339','','',0,0),('941121045059','','',0,0),('941210035434','','',0,0),('950110146924','','',0,0),('950125015396','','',0,0),('950219015880','','',0,0),('950219015928','POH CHEE LIN','960730017153',1,0),('950310145000','','',0,0),('950310145002','','',0,0),('950321065796','','',0,0),('950327016186','Kee Chuo Peng','911206085917',1,0),('950415015116','MOHAMAD HAZIQ BIN MD SIRAJ','',1,0),('950430135159','','',0,0),('950507016300  ','ABDUL MUIZZ BIN ABDUL MAJID','961001065125',0,0),('950516055491','','',0,0),('950519016674','','',0,0),('950524106754','','',0,0),('950722105824','','',0,0),('950805016894','','',0,0),('950813015242','','',0,0),('950818055286','','',0,0),('950821105862','','',0,0),('950930106776','','',0,0),('951007145119','','',0,0),('951027065335','','',0,0),('951119065324','','',0,0),('951120135051','','',0,0),('951127106472','','',0,0),('951215025234','','',0,0),('960101015964','','',0,0),('960117145798','','',0,0),('960206045748','','',0,0),('960209016512','','',0,0),('960215015524','','',0,0),('960225126332','','',0,0),('960228065184','','',0,0),('960311016818','','',0,0),('960316435296','','',0,0),('960425125414','','',0,0),('960430146658','','',0,0),('960510105856','','',0,0),('960531145814','','',0,0),('960607086129','','',0,0),('960608015322','','',0,0),('960609015869','','',0,0),('960609086288','','',0,0),('960609115472','','',0,0),('960630055304','','',0,0),('960723015870','','',0,0),('960809136008','','',0,0),('960813105538','','',0,0),('960821-14-5484','','',0,0),('960823085016','','',0,0),('960824075450','','',0,0),('960831085964','','',0,0),('960902135296','','',0,0),('960912016530','','',0,0),('960920106624','','',0,0),('960927235146','','',0,0),('961003015228','','',1,0),('961024075668','','',0,0),('961031015663','','',0,0),('961127016396','MOHAMAD ZLKRI ROSLI','',0,0),('961207016150','','',0,0),('961219105126 ','','',0,0),('970128126188   ','','',0,0),('970202025976','','',0,0),('970212065728','','',0,0),('970216015138','','',0,0),('970217385042','','',0,0),('970302015724','','',0,0),('970310105738','','',0,0),('970319565044','','',0,0),('970328016768','','',0,0),('970328115446','','',0,0),('970401055270','','',0,0),('970414055034','','',0,0),('970419126364','','',0,0),('970503016600 ','MUHAMMAD SHAFIZZI BIN ATAN','',3,0),('970503016993','','',0,0),('970513017156','','',0,0),('970516086042','','',0,0),('970527135778','','',0,0),('970602016454','','',0,0),('970629145467','','',0,0),('970704015946','','',0,0),('970708-01-6372','','',0,0),('970719055086','','',0,0),('970726015146','','',0,0),('970804-12-6432','','',0,0),('970806145944','','',0,0),('970809016902','','',0,0),('970813015750','LAN YOENG SOON','900619015750',0,0),('970814017328','','',0,0),('970818145730','','',0,0),('970820145676','','',0,0),('970825015950','','',0,0),('970829016838','','',0,0),('970905305034','','',0,0),('970916015745','NUR ISMAH BINTI MD SALLEH','960808435196',1,0),('970921105542','','',0,0),('970927045202','','',0,0),('970927105332  ','','',0,0),('971010035744','','',0,0),('971012105988','','',0,0),('971027-14-6328','','',0,0),('971027146328','','',0,0),('971101016880','','',0,0),('971103055058','','',0,0),('971104016720','','',0,0),('971105106680 ','MUHAMMAD AMIRUL BIN OTHMAN','',0,0),('971106045410','','',0,0),('971108145554','','',0,0),('971110105666','','',0,0),('971111385612','','',0,0),('971117075586','','',0,0),('971218-43-5050','','',0,0),('971227036633  ','','',0,0),('971231055466','','',0,0),('980101015460','','',0,0),('980105045050','','',0,0),('980109145534','','',0,0),('980110016430','','',0,0),('980110565210','','',0,0),('980113015636','','',0,0),('980124016124','','',0,0),('980203125513','','',0,0),('980213016206','','',0,0),('980214066256','','',0,0),('980222145106','','',0,0),('980224055892','','',0,0),('980323015212','','',0,0),('980412065828','','',0,0),('980426065626','','',0,0),('980518016549  ','','',0,0),('980521105438','','',0,0),('980612015665','','',0,0),('980614016880','','',0,0),('980630145519','','',0,0),('980703087162','','',0,0),('980724085043','','',0,0),('980811105110','','',0,0),('980902075340','','',0,0),('980905145316','','',0,0),('980910105220','','',0,0),('980922106319','','',0,0),('981008016172 ','','',0,0),('981012087184','','',0,0),('981024435430','','',0,0),('981026016176','','',0,0),('981030045324','','',0,0),('981030145528','','',0,0),('981102145472','','',0,0),('981112105458','','',0,0),('981113017468','SYED KAMAL HISYAM BIN SYED AHMAD','',0,0),('981130125946 ','','',0,0),('981212065035','','',0,0),('981220106976','','',0,0),('990109106884','','',0,0),('990114107814','','',0,0),('990121085828','','',0,0),('990128016542','','',0,0),('990206045374','','',0,0),('990211105423','','',0,0),('990222086934','','',0,0),('990228-01-5846','','',0,0),('990316145827','','',0,0),('990401017264','HAFIQ HAIKAL BIN MAHAT','',0,0),('990430146188','','',0,0),('990528135743','','',0,0),('990530087947','','',0,0),('990601146431','','',0,0),('990602088632','','',0,0),('990605135764','','',0,0),('990610105658','','',0,0),('990625016228','','',0,0),('990716036304','','',0,0),('990805116322','','',0,0),('990809105014','','',0,0),('990926016176','','',0,0),('990927145412','','',0,0),('991007145588','','',0,0),('991008016526','','',0,0),('991201025600','','',0,0),('991208146552','','',0,0),('991230106186','','',0,0),('AJ841173 ','','',0,0),('EC3212965','NANTHA KUMAR A/L PALANIAPPAN','720722105695',1,0),('N1924524','','',0,0),('Nadia','','',0,0),('NOONEUSE','','',0,0),('S6904524C','','',0,0),('S7736886H','Wan Muhd Hariz Bin Ismail','',0,0),('S7774305G','','',0,0),('S8616522H','','',0,0),('SINNEE','','',0,0),('YEWMUN','','',0,0),('ZHENJIAN','','',0,0);

--
-- Table structure for table `user_tax`
--

CREATE TABLE `user_tax` (
  `username` varchar(50) NOT NULL,
  `branch` varchar(50) DEFAULT NULL,
  `tax_no` varchar(30) DEFAULT NULL,
  `category` varchar(30) DEFAULT NULL,
  PRIMARY KEY (`username`)
) ENGINE=InnoDB DEFAULT CHARSET=latin1;

--
-- Dumping data for table `user_tax`
--

INSERT INTO `user_tax` VALUES ('000101011842','','','1'),('000114050218','','','1'),('000114141558','','','1'),('000125101252','','','1'),('000205011804','','','1'),('000208101354','','',''),('000209010948','','',''),('000220101576 ','','',''),('000221020612','','','1'),('000224100722','','','1'),('000312021071  ','','',''),('000321011414','','','1'),('000331130652','','','1'),('000405012094','','','1'),('000407010578','','','1'),('000413011120','','','1'),('000421060782','','',''),('000427080274','','','1'),('000428120696','','','1'),('000501-05-0162','','','1'),('000512050416','','','1'),('000523030162','','','1'),('000607011540','','',''),('000611050526','','','1'),('000615010986','','','1'),('000616930012','','SG 040401023070',''),('000702040390','','','1'),('000705141074','','','1'),('000812101190','','','1'),('000829011204','','','1'),('000903140240','','','1'),('001001-01-1372','','','1'),('001010060467','','','1'),('001016102058','','','1'),('001110081062','','','1'),('001113080225','','','1'),('001123040286','','','1'),('001129141379','','','1'),('010103101402','','',''),('010202100894','','','1'),('010208130744','','','1'),('010208141558','','',''),('010301010720','','','1'),('010306100143','','','1'),('010327101970','','','1'),('010410-14-0794','','','1'),('010412101158','','','1'),('010420131090','','',''),('010427-07-0411','','','1'),('010429101074','','',''),('010501110080','','','1'),('010502011308','','','1'),('010503140603','','','1'),('010512140744','','',''),('010524011608','','','1'),('010604010920','','','1'),('010617010874','','','1'),('010622140200','','','1'),('010628011864','','','1'),('010628080448','','','1'),('010629050136','','','1'),('010711100278','','','1'),('010713010786','','','1'),('010718130066','','','1'),('010721010292','','',''),('010807010330','','','1'),('010809080746','','',''),('010811020654','','',''),('010829010964  ','','','1'),('010831050236','','','1'),('010901010046','','','1'),('010917010462','','','1'),('010927050388','','','1'),('011011050454','','','1'),('011020010606','','','1'),('011025101558','','','1'),('011104030188','','','1'),('011109010370','','','1'),('011110081328','','','1'),('011124080924','','',''),('011211040381','','','1'),('011226100068','','','1'),('014-307 7215','','',''),('020110101178','','','1'),('020114101976','','',''),('020228040286','','','1'),('020321010903','','','1'),('020406100350','','',''),('020429050368','','','1'),('020512100282','','','1'),('020523101686','','','1'),('020524141508','','','1'),('020616140684','','',''),('020623081352','','',''),('020707-01-0092','','','1'),('020712040296','','','1'),('020713011286','','','1'),('020729100216','','','1'),('020730040118','','','1'),('020820011783','','',''),('020830050292','','','1'),('020910100042','','','1'),('020914040200','','',''),('021007070582','','','1'),('021009101012','','',''),('021101011976','','','1'),('021106141198','','','1'),('021107010050','','','1'),('021107011176','','','1'),('021117141070','','','1'),('021221140190','','','1'),('030108101522','','',''),('030111100272','','','1'),('030120140014','','','1'),('030127011282','','','1'),('030128050443','','','1'),('030216100391','','','1'),('030314080304','','','1'),('030328040258','','','1'),('030428010144','','','1'),('030711040488','','','1'),('030727101580','','','1'),('030814030864','','','1'),('030821011290','','',''),('030911010048','','','1'),('030916101862','','','1'),('030926010550','','','1'),('031015011936','','',''),('031024060908','','','1'),('031105140424','','','1'),('031105141240','','','1'),('031107100434','','','1'),('031121030022','','','1'),('031204010924','','','1'),('031209090070','','','1'),('031216070676','','','1'),('040101050362','','','1'),('040105101534','','','1'),('040114141036','','','1'),('040128140384','','','1'),('040219010868','','','1'),('040225140570','','',''),('040312011064','','','1'),('040401-03-0558','','','1'),('040506050096','','','1'),('040508101344','','','1'),('040511050082','','','1'),('040529010986','','','1'),('040608141044','','','1'),('040910011742','','','1'),('040920121400','','','1'),('041125050484','','','1'),('041212101112','','',''),('050221101442','','','1'),('050406101078','','','1'),('050429010646','','','1'),('050510050370','','','1'),('050526010576','','','1'),('050528080906','','','1'),('050609050370','','','1'),('050903141070','','','1'),('050906011634','','','1'),('051017140748','','','1'),('051107101056','','','1'),('051116100274','','','1'),('060116011524','','','1'),('060306140298','','','1'),('060312070126','','','1'),('060421010739','','','1'),('060716010226','','','1'),('060929010078','','','1'),('070628100546','','','1'),('3000','','',''),('491227105448 ','','',''),('610806106137','','',''),('630131015234','','',''),('640928107055','','',''),('681230105331','','','1'),('690812015760','','','1'),('700328105250','','','1'),('710326106216','','','1'),('711114085796','','','1'),('720116145179','','SG 01347413080',''),('720323135459','','SG 08321895050',''),('740518125355','','',''),('740904105512','','SG04142263051',''),('741010-10-5702','','','1'),('750731145880','','',''),('760106026068','','','1'),('760429085396','','','1'),('760429115022','','','1'),('760518145848','','','1'),('761028086106','','',''),('761107145397','','','1'),('770505045564','','','1'),('770620136090','','',''),('771024045496','','',''),('771102136132','','SG 12125909090',''),('771126146132','','',''),('771210135743','','SG 10790396020',''),('780127016350','','',''),('780716045344','','',''),('780803095008','','','1'),('780914045222','','',''),('780929145146','','',''),('781112015632','','SG20065943100',''),('781219045196','','','1'),('790109055224','','','1'),('790322145798','','',''),('791130015678','','','1'),('800427025270','','',''),('810401126160','','','1'),('810707015455','','SG 20031610090',''),('810810016536','','',''),('811124105242','','','1'),('811231055308','','',''),('820201045197','','',''),('820424085874','','',''),('821003015856','','','1'),('821022016643','','OG 20908757090',''),('830404135263','','SG 12183312070',''),('830426-14-5083','','','1'),('830426145083','','SG 12094016070',''),('830520016448','','',''),('830604135495','','SG 24980037030',''),('830609015118','','',''),('830906085104','','','1'),('831022075220','','SG12239176040','1'),('831122105650','','',''),('831229035592','','','1'),('840112015162','','','1'),('840316016335','','SG21318424090',''),('840507145340','','','1'),('840604045384','','',''),('840827055256','','','1'),('840908105729','','',''),('841210135453','','SG 23771640020',''),('850304045410','','','1'),('850519145566','','SG20785996050',''),('851128146216','','','1'),('851129135148','','SG20258264070','1'),('860129155004','','',''),('860224385262','','',''),('860430295866','','','1'),('860519386828','','','1'),('860702495424','','',''),('860715235146','','','1'),('860808355358','','SG 21880116050',''),('861012355218','','',''),('861025565724','','',''),('861101435332','','',''),('861113236816','','','1'),('861117355177','','','1'),('861120295849','','',''),('861222335012','','','1'),('870202115578','','',''),('870505565138','','','1'),('870612526775','','SG 21932367040',''),('870714145025','','',''),('870929105127','','',''),('871018035185','','','1'),('871103045038','','','1'),('880108125170','','','1'),('880129-12-5866','','','1'),('880303235412','','','1'),('880405035518','','','1'),('880519235040','','',''),('880807235344','','','1'),('880902565106','','','1'),('880913065844','','','1'),('881008055114','','','1'),('881008435360','','SG21767712060',''),('881210435444','','','1'),('890308105456 ','','','1'),('890409126184','','',''),('890421016244','','','1'),('890525435056','','','1'),('890604016052','','',''),('890608015356','','',''),('890617035842','','',''),('891028015434','','SG 25397457070',''),('891103115778','','','1'),('891201016028','','',''),('891219146496','','IG22693397000','1'),('900106146117','','','1'),('900113146166','','',''),('900120136695','','SG 23773929010','1'),('900213145160','','','1'),('900510105392 ','','',''),('900603145908','','23800449100','1'),('900617105448','','','1'),('900813016370','','',''),('900904015808','','',''),('901126126273','','','1'),('901205016320','','',''),('901217016176','','',''),('910103045432','','',''),('910103146735','','','1'),('910129085045','','SG24459396050',''),('910308015085','','',''),('910319105748','','','1'),('910416016966','','',''),('910420016360','','','1'),('910429015612','','','1'),('910508145562','','',''),('910712146394','','','1'),('910919016167','','',''),('910924035338','','','1'),('911010105648','','',''),('911015145083','','',''),('911103016900','','',''),('911113-01-5514','','SG25016321070','1'),('911220015640','','','1'),('911223016032','','',''),('920101105584','','',''),('920207075539','','SG 24442311030',''),('920303-01-5376','','',''),('920303015376','','','1'),('920520016842','','',''),('920610015712','','',''),('920707045096','','','1'),('920718115168','','','1'),('920807025156','','',''),('920823105148','','','1'),('920824086102','','',''),('920922146332','','SG024962190080','1'),('921020135102','','SG25679123060',''),('921103075686','','','1'),('921206036196','','','1'),('930109145416','','',''),('930110085406','','',''),('930121015606','','','1'),('930301145248','','',''),('930304045410','','','1'),('930330016162','','',''),('930426015308','','',''),('930510065391','','',''),('930527065590','','',''),('930609065498','','',''),('930621015450','','','1'),('930722146716','','','1'),('930809115146','','','1'),('930916135329','','SG 25152658050',''),('931029105005','','',''),('931115085813','','',''),('931125055204','','','1'),('931209146170','','','1'),('940112016470','','','1'),('940227115428','','','1'),('940303016158','','','1'),('940324145004','','SG40200428000',''),('940326085586','','',''),('940511016232','','','1'),('940525016313','','SG25495843050',''),('940624015316 ','','',''),('940720025282','','','1'),('940721015094','','IG57295060080','1'),('940721055424','','',''),('940805105978 ','','','1'),('940812015620','','','1'),('940829085078','','',''),('940906146322 ','','',''),('940907145399','','',''),('940910016256 ','','','1'),('940912015994','','','1'),('940913016278','','',''),('940918016541','','SG 025266033010',''),('941001055324','','','1'),('941002015500','','','1'),('941011145075','','',''),('941112045356','','SG 025750439070',''),('941119016339','','','1'),('941121045059','','','1'),('941210035434','','',''),('950110146924','','','1'),('950125015396','','',''),('950219015880','','','1'),('950219015928','','','1'),('950310145000','','','1'),('950310145002','','','1'),('950321065796','','','1'),('950327016186','','SG25367480080','1'),('950415015116','','',''),('950430135159','','SG 40202243020',''),('950507016300  ','','',''),('950516055491','','SG 40336866090',''),('950519016674','','',''),('950524106754','','','1'),('950722105824','','','1'),('950805016894','','','1'),('950813015242','','',''),('950818055286','','','1'),('950821105862','','','1'),('950930106776','','',''),('951007145119','','',''),('951027065335','','',''),('951119065324','','',''),('951120135051','','SG 40287613100',''),('951127106472','','',''),('951215025234','','','1'),('960101015964','','',''),('960117145798','','',''),('960206045748','','',''),('960209016512','','',''),('960215015524','','',''),('960225126332','','','1'),('960228065184','','','1'),('960311016818','','',''),('960316435296','','','1'),('960425125414','','','1'),('960430146658','','','1'),('960510105856','','','1'),('960531145814','','','1'),('960607086129','','','1'),('960608015322','','','1'),('960609015869','','',''),('960609086288','','','1'),('960609115472','','','1'),('960630055304','','','1'),('960723015870','','','1'),('960809136008','','','1'),('960813105538','','',''),('960821-14-5484','','','1'),('960823085016','','','1'),('960824075450','','','1'),('960831085964','','','1'),('960902135296','','',''),('960912016530','','',''),('960920106624','','','1'),('960927235146','','',''),('961003015228','','','1'),('961024075668','','SG 28770606000',''),('961031015663','','',''),('961127016396','','','1'),('961207016150','','','1'),('961219105126 ','','',''),('970128126188   ','','','1'),('970202025976','','','1'),('970212065728','','',''),('970216015138','','','1'),('970217385042','','','1'),('970302015724','','','1'),('970310105738','','SG 29212896070',''),('970319565044','','SG 040357934010',''),('970328016768','','','1'),('970328115446','','','1'),('970401055270','','',''),('970414055034','','','1'),('970419126364','','','1'),('970503016600 ','','','1'),('970503016993','','','1'),('970513017156','','','1'),('970516086042','','','1'),('970527135778','','','1'),('970602016454','','',''),('970629145467','','','1'),('970704015946','','','1'),('970708-01-6372','','','1'),('970719055086','','','1'),('970726015146','','','1'),('970804-12-6432','','','1'),('970806145944','','','1'),('970809016902','','','1'),('970813015750','','','1'),('970814017328','','',''),('970818145730','','','1'),('970820145676','','','1'),('970825015950','','',''),('970829016838','','','1'),('970905305034','','29266202050','1'),('970916015745','','IG29495742010','1'),('970921105542','','','1'),('970927045202','','','1'),('970927105332  ','','','1'),('971010035744','','','1'),('971012105988','','','1'),('971027-14-6328','','',''),('971027146328','','','1'),('971101016880','','',''),('971103055058','','','1'),('971104016720','','','1'),('971105106680 ','','','1'),('971106045410','','','1'),('971108145554','','','1'),('971110105666','','','1'),('971111385612','','','1'),('971117075586','','',''),('971218-43-5050','','','1'),('971227036633  ','','','1'),('971231055466','','','1'),('980101015460','','',''),('980105045050','','','1'),('980109145534','','','1'),('980110016430','','',''),('980110565210','','',''),('980113015636','','','1'),('980124016124','','','1'),('980203125513','','',''),('980213016206','','',''),('980214066256','','','1'),('980222145106','','','1'),('980224055892','','','1'),('980323015212','','',''),('980412065828','','','1'),('980426065626','','','1'),('980518016549  ','','','1'),('980521105438','','','1'),('980612015665','','SG 29552634030',''),('980614016880','','',''),('980630145519','','SG 040388389100',''),('980703087162','','','1'),('980724085043','','','1'),('980811105110','','','1'),('980902075340','','','1'),('980905145316','','','1'),('980910105220','','','1'),('980922106319','','','1'),('981008016172 ','','',''),('981012087184','','','1'),('981024435430','','','1'),('981026016176','','','1'),('981030045324','','','1'),('981030145528','','','1'),('981102145472','','','1'),('981112105458','','','1'),('981113017468','','',''),('981130125946 ','','','1'),('981212065035','','','1'),('981220106976','','','1'),('990109106884','','','1'),('990114107814','','','1'),('990121085828','','','1'),('990128016542','','',''),('990206045374','','','1'),('990211105423','','','1'),('990222086934','','','1'),('990228-01-5846','','',''),('990316145827','','','1'),('990401017264','','','1'),('990430146188','','','1'),('990528135743','','','1'),('990530087947','','',''),('990601146431','','','1'),('990602088632','','','1'),('990605135764','','','1'),('990610105658','','','1'),('990625016228','','','1'),('990716036304','','','1'),('990805116322','','','1'),('990809105014','','','1'),('990926016176','','',''),('990927145412','','','1'),('991007145588','','','1'),('991008016526','','','1'),('991201025600','','','1'),('991208146552','','','1'),('991230106186','','','1'),('AJ841173 ','','',''),('EC3212965','','',''),('N1924524','','SG23643311030',''),('Nadia','','','1'),('NOONEUSE','','',''),('S6904524C','','','1'),('S7736886H','','','1'),('S7774305G','','',''),('S8616522H','','','1'),('SINNEE','','','1'),('YEWMUN','','',''),('ZHENJIAN','','','1');

--
-- Dumping routines for database 'ecoleave_qnm'
--


